{"id":1057,"date":"2025-11-15T10:23:49","date_gmt":"2025-11-15T09:23:49","guid":{"rendered":"https:\/\/librosdelaaxarquia.com\/?page_id=1057"},"modified":"2025-12-08T00:01:43","modified_gmt":"2025-12-07T23:01:43","slug":"mesones-posadas","status":"publish","type":"page","link":"https:\/\/librosdelaaxarquia.com\/?page_id=1057","title":{"rendered":"MESONES, POSADAS&#8230;"},"content":{"rendered":"\n<figure class=\"wp-block-image aligncenter size-full is-resized\"><img loading=\"lazy\" decoding=\"async\" width=\"438\" height=\"690\" src=\"https:\/\/librosdelaaxarquia.com\/wp-content\/uploads\/2025\/11\/Mesones-Posadas-FINAL_001.jpg\" alt=\"\" class=\"wp-image-1058\" style=\"aspect-ratio:0.6348018115806415;width:495px;height:auto\" srcset=\"https:\/\/librosdelaaxarquia.com\/wp-content\/uploads\/2025\/11\/Mesones-Posadas-FINAL_001.jpg 438w, https:\/\/librosdelaaxarquia.com\/wp-content\/uploads\/2025\/11\/Mesones-Posadas-FINAL_001-190x300.jpg 190w\" sizes=\"auto, (max-width: 438px) 100vw, 438px\" \/><\/figure>\n\n\n\n<div style=\"height:19px\" aria-hidden=\"true\" class=\"wp-block-spacer\"><\/div>\n\n\n\n<p><strong>AUTORES<\/strong>: <a href=\"https:\/\/librosdelaaxarquia.com\/?page_id=518\" data-type=\"page\" data-id=\"518\">FRANCISCO MONTORO<\/a> y <a href=\"https:\/\/librosdelaaxarquia.com\/?page_id=469\" data-type=\"page\" data-id=\"469\">PURIFICACI\u00d3N RUIZ<\/a><\/p>\n\n\n\n<p>COLECCI\u00d3N <strong><a href=\"https:\/\/librosdelaaxarquia.com\/?page_id=70\" data-type=\"page\" data-id=\"70\">MONOGRAF\u00cdAS<\/a><\/strong>. (N\u00ba 5)<\/p>\n\n\n\n<p><strong>ISBN:<\/strong> 978-84-944870-9-5 D. L. <strong>MA<\/strong> 402-2018<\/p>\n\n\n\n<p>N\u00famero de p\u00e1ginas:  262<\/p>\n\n\n\n<div style=\"height:9px\" aria-hidden=\"true\" class=\"wp-block-spacer\"><\/div>\n\n\n\n<p>El hospedaje ha sido, en todos los tiempos, uno de los elementos m\u00e1s importantes a cuidar para cualquier tipo de viajero que por los motivos m\u00e1s variados ha tenido necesidad de desplazarse. Del hospedaje encontrado o utilizado ha dependido, en gran medida, la calidad del periplo, su \u00e9xito o su fracaso, la duraci\u00f3n del mismo, as\u00ed como la visi\u00f3n y el recuerdo que luego se ha conservado de \u00e9l, con especial incidencia y especialmente, a trav\u00e9s de las cartas de sus protagonistas, o de los libros de viajes, que han salido de sus plumas.<\/p>\n\n\n\n<p>Los establecimientos de hosteler\u00eda son tan antiguos como la hu-manidad civilizada. De siempre ha sido necesario el servicio de hospedaje cuando, convertidos en viajeros, los seres humanos se desplazaban de unos lugares a otros y se hac\u00eda preciso pernoctar. Los t\u00e9rminos <em>hospeder\u00eda<\/em>, <em>mes\u00f3n<\/em>, <em>posada<\/em>, <em>venta<\/em>, <em>hostal<\/em>,<em> hotel<\/em>,<em> fonda, albergue<\/em>&#8230; son diferentes denominaciones a aquellos lugares donde se refugia el viajero tras el largo y cansado trasiego del camino.<\/p>\n\n\n\n<p>De esto trata este libro. De c\u00f3mo, donde, con qu\u00e9 caracter\u00edsticas y bajo qu\u00e9 condiciones, se produce, a lo largo de los tiempos, el hospedaje en V\u00e9lez-M\u00e1laga.<\/p>\n\n\n\n<div style=\"height:21px\" aria-hidden=\"true\" class=\"wp-block-spacer\"><\/div>\n\n\n\n<p class=\"has-text-align-center\"><strong>ACTO DE PRESENTACI\u00d3N DEL LIBRO<\/strong><\/p>\n\n\n\n<p class=\"has-text-align-center\">(Hospital de San Juan de Dios)<\/p>\n\n\n\n<figure class=\"wp-block-embed is-type-video is-provider-youtube wp-block-embed-youtube wp-embed-aspect-16-9 wp-has-aspect-ratio\"><div class=\"wp-block-embed__wrapper\">\n<iframe loading=\"lazy\" title=\"MESONES, POSADAS...\" width=\"500\" height=\"281\" src=\"https:\/\/www.youtube.com\/embed\/hVxFRhwRfDA?feature=oembed\" frameborder=\"0\" allow=\"accelerometer; autoplay; clipboard-write; encrypted-media; gyroscope; picture-in-picture; web-share\" referrerpolicy=\"strict-origin-when-cross-origin\" allowfullscreen><\/iframe>\n<\/div><\/figure>\n\n\n\n<div style=\"height:25px\" aria-hidden=\"true\" class=\"wp-block-spacer\"><\/div>\n\n\n\n<figure class=\"wp-block-image size-large\"><img loading=\"lazy\" decoding=\"async\" width=\"1024\" height=\"517\" src=\"https:\/\/librosdelaaxarquia.com\/wp-content\/uploads\/2025\/12\/Posadas-1024x517.jpg\" alt=\"\" class=\"wp-image-2264\" srcset=\"https:\/\/librosdelaaxarquia.com\/wp-content\/uploads\/2025\/12\/Posadas-1024x517.jpg 1024w, https:\/\/librosdelaaxarquia.com\/wp-content\/uploads\/2025\/12\/Posadas-300x152.jpg 300w, https:\/\/librosdelaaxarquia.com\/wp-content\/uploads\/2025\/12\/Posadas-768x388.jpg 768w, https:\/\/librosdelaaxarquia.com\/wp-content\/uploads\/2025\/12\/Posadas.jpg 1522w\" sizes=\"auto, (max-width: 1024px) 100vw, 1024px\" \/><\/figure>\n\n\n\n<div style=\"height:37px\" aria-hidden=\"true\" class=\"wp-block-spacer\"><\/div>\n\n\n\n<p><\/p>\n","protected":false},"excerpt":{"rendered":"<p>AUTORES: FRANCISCO MONTORO y PURIFICACI\u00d3N RUIZ COLECCI\u00d3N MONOGRAF\u00cdAS. (N\u00ba 5) ISBN: 978-84-944870-9-5 D. L. MA 402-2018 N\u00famero de p\u00e1ginas: 262 El hospedaje ha sido, en todos los tiempos, uno de los elementos m\u00e1s importantes a cuidar para cualquier tipo de viajero que por los motivos m\u00e1s variados ha tenido necesidad de desplazarse. Del hospedaje encontrado [&hellip;]<\/p>\n","protected":false},"author":1,"featured_media":0,"parent":0,"menu_order":0,"comment_status":"closed","ping_status":"closed","template":"","meta":{"footnotes":""},"class_list":["post-1057","page","type-page","status-publish","hentry"],"_links":{"self":[{"href":"https:\/\/librosdelaaxarquia.com\/index.php?rest_route=\/wp\/v2\/pages\/1057","targetHints":{"allow":["GET"]}}],"collection":[{"href":"https:\/\/librosdelaaxarquia.com\/index.php?rest_route=\/wp\/v2\/pages"}],"about":[{"href":"https:\/\/librosdelaaxarquia.com\/index.php?rest_route=\/wp\/v2\/types\/page"}],"author":[{"embeddable":true,"href":"https:\/\/librosdelaaxarquia.com\/index.php?rest_route=\/wp\/v2\/users\/1"}],"replies":[{"embeddable":true,"href":"https:\/\/librosdelaaxarquia.com\/index.php?rest_route=%2Fwp%2Fv2%2Fcomments&post=1057"}],"version-history":[{"count":5,"href":"https:\/\/librosdelaaxarquia.com\/index.php?rest_route=\/wp\/v2\/pages\/1057\/revisions"}],"predecessor-version":[{"id":2273,"href":"https:\/\/librosdelaaxarquia.com\/index.php?rest_route=\/wp\/v2\/pages\/1057\/revisions\/2273"}],"wp:attachment":[{"href":"https:\/\/librosdelaaxarquia.com\/index.php?rest_route=%2Fwp%2Fv2%2Fmedia&parent=1057"}],"curies":[{"name":"wp","href":"https:\/\/api.w.org\/{rel}","templated":true}]}}