{"id":1256,"date":"2025-11-21T23:58:41","date_gmt":"2025-11-21T22:58:41","guid":{"rendered":"https:\/\/librosdelaaxarquia.com\/?page_id=1256"},"modified":"2025-12-08T00:04:19","modified_gmt":"2025-12-07T23:04:19","slug":"rincon-de-la-victoria","status":"publish","type":"page","link":"https:\/\/librosdelaaxarquia.com\/?page_id=1256","title":{"rendered":"RINC\u00d3N DE LA VICTORIA"},"content":{"rendered":"\n<figure class=\"wp-block-image aligncenter size-full is-resized\"><img loading=\"lazy\" decoding=\"async\" width=\"426\" height=\"693\" src=\"https:\/\/librosdelaaxarquia.com\/wp-content\/uploads\/2025\/11\/Rincon-Vict-1.jpg\" alt=\"\" class=\"wp-image-1257\" style=\"width:439px;height:auto\" srcset=\"https:\/\/librosdelaaxarquia.com\/wp-content\/uploads\/2025\/11\/Rincon-Vict-1.jpg 426w, https:\/\/librosdelaaxarquia.com\/wp-content\/uploads\/2025\/11\/Rincon-Vict-1-184x300.jpg 184w\" sizes=\"auto, (max-width: 426px) 100vw, 426px\" \/><\/figure>\n\n\n\n<div style=\"height:15px\" aria-hidden=\"true\" class=\"wp-block-spacer\"><\/div>\n\n\n\n<p><strong>AUTORES<\/strong>: <a href=\"https:\/\/librosdelaaxarquia.com\/?page_id=494\" data-type=\"page\" data-id=\"494\">JOS\u00c9 MANUEL DE MOLINA <\/a>y <a href=\"https:\/\/librosdelaaxarquia.com\/?page_id=490\" data-type=\"page\" data-id=\"490\">FRANCISCO CERVANTES MART\u00cdN<\/a><\/p>\n\n\n\n<div style=\"height:0px\" aria-hidden=\"true\" class=\"wp-block-spacer\"><\/div>\n\n\n\n<div style=\"height:0px\" aria-hidden=\"true\" class=\"wp-block-spacer\"><\/div>\n\n\n\n<div style=\"height:0px\" aria-hidden=\"true\" class=\"wp-block-spacer\"><\/div>\n\n\n\n<p>COLECCI\u00d3N <strong><a href=\"https:\/\/librosdelaaxarquia.com\/?page_id=70\" data-type=\"page\" data-id=\"70\">MONOGRAF\u00cdAS<\/a><\/strong> (N\u00ba 7)<\/p>\n\n\n\n<p><strong>ISBN:<\/strong>  978-84-948637-78-6    <strong>D. L. <\/strong> MA  1454-2019<\/p>\n\n\n\n<p>N\u00famero de p\u00e1ginas:  370<\/p>\n\n\n\n<div style=\"height:9px\" aria-hidden=\"true\" class=\"wp-block-spacer\"><\/div>\n\n\n\n<p>Pocos trabajos hist\u00f3ricos condensan tantos datos in\u00e9ditos de forma amena y divulgativa como \u00e9ste que tiene en sus manos. Jos\u00e9 Manuel de  Molina y Fran Cervantes encadenan episodios del pasado casi como si fuese una novela narrativa. Descubren datos como el origen de las leyendas de la Cueva del Tesoro. las vicisitudes de los primeros habitantes de la costa, frecuentemente tomados cautivos de los berberiscos, o bien ermitas de las que  no se ten\u00eda noticias como la fundada con la advocaci\u00f3n de Santa Teresa de Jes\u00fas.<\/p>\n\n\n\n<p>Tampoco se sab\u00eda nada de la talla del Crucificado que hizo para Benagalb\u00f3n el genial escultor Jer\u00f3nimo G\u00f3mez. Ni del bot\u00e1nico, poeta y sacerdote nacido en este pueblo, Salvador L\u00f3pez Ramos, al que sin duda le debe un gran homenaje el ayuntamiento.<\/p>\n\n\n\n<p>Tambi\u00e9n hab\u00edan pasado desapercibidos los marqueses de Vezmiliana, t\u00edtulo nobiliario que detallan desde sus or\u00edgenes hasta la actualidad con sus parientes, los Milla y Viana-C\u00e1rdenas, que parcelaron sus tierras dando lugar al actual Rinc\u00f3n de la Victoria.<\/p>\n\n\n\n<p>Pero no solo de personajes ilustres se nutre esta obra. Repasan nombres y apellidos de agricultores, jornaleros, pescadores, cenacheros&#8230; Y maestros, que fueron famosos en toda Espa\u00f1a reclamando el pago de sus salarios para paliar el hambre y la Pobreza.<\/p>\n\n\n\n<p>Embarcaderos, torres vig\u00edas, ferrocarriles, f\u00e1bricas, lagares, como el que provoc\u00f3 la terrible filoxera&#8230; Todos tiene su hueco en esta obra que recopila lo m\u00e1s importante acaecido en el municipio hasta comienzos del siglo XX, incluyendo su segregaci\u00f3n de la ciudad de M\u00e1laga.<\/p>\n\n\n\n<div style=\"height:19px\" aria-hidden=\"true\" class=\"wp-block-spacer\"><\/div>\n\n\n\n<figure class=\"wp-block-image size-large\"><img loading=\"lazy\" decoding=\"async\" width=\"1024\" height=\"483\" src=\"https:\/\/librosdelaaxarquia.com\/wp-content\/uploads\/2025\/11\/Rincon-Vict-2-1024x483.jpg\" alt=\"\" class=\"wp-image-1261\" srcset=\"https:\/\/librosdelaaxarquia.com\/wp-content\/uploads\/2025\/11\/Rincon-Vict-2-1024x483.jpg 1024w, https:\/\/librosdelaaxarquia.com\/wp-content\/uploads\/2025\/11\/Rincon-Vict-2-300x142.jpg 300w, https:\/\/librosdelaaxarquia.com\/wp-content\/uploads\/2025\/11\/Rincon-Vict-2-768x362.jpg 768w, https:\/\/librosdelaaxarquia.com\/wp-content\/uploads\/2025\/11\/Rincon-Vict-2.jpg 1469w\" sizes=\"auto, (max-width: 1024px) 100vw, 1024px\" \/><\/figure>\n","protected":false},"excerpt":{"rendered":"<p>AUTORES: JOS\u00c9 MANUEL DE MOLINA y FRANCISCO CERVANTES MART\u00cdN COLECCI\u00d3N MONOGRAF\u00cdAS (N\u00ba 7) ISBN: 978-84-948637-78-6 D. L. MA 1454-2019 N\u00famero de p\u00e1ginas: 370 Pocos trabajos hist\u00f3ricos condensan tantos datos in\u00e9ditos de forma amena y divulgativa como \u00e9ste que tiene en sus manos. Jos\u00e9 Manuel de Molina y Fran Cervantes encadenan episodios del pasado casi como [&hellip;]<\/p>\n","protected":false},"author":1,"featured_media":0,"parent":0,"menu_order":0,"comment_status":"closed","ping_status":"closed","template":"","meta":{"footnotes":""},"class_list":["post-1256","page","type-page","status-publish","hentry"],"_links":{"self":[{"href":"https:\/\/librosdelaaxarquia.com\/index.php?rest_route=\/wp\/v2\/pages\/1256","targetHints":{"allow":["GET"]}}],"collection":[{"href":"https:\/\/librosdelaaxarquia.com\/index.php?rest_route=\/wp\/v2\/pages"}],"about":[{"href":"https:\/\/librosdelaaxarquia.com\/index.php?rest_route=\/wp\/v2\/types\/page"}],"author":[{"embeddable":true,"href":"https:\/\/librosdelaaxarquia.com\/index.php?rest_route=\/wp\/v2\/users\/1"}],"replies":[{"embeddable":true,"href":"https:\/\/librosdelaaxarquia.com\/index.php?rest_route=%2Fwp%2Fv2%2Fcomments&post=1256"}],"version-history":[{"count":5,"href":"https:\/\/librosdelaaxarquia.com\/index.php?rest_route=\/wp\/v2\/pages\/1256\/revisions"}],"predecessor-version":[{"id":2275,"href":"https:\/\/librosdelaaxarquia.com\/index.php?rest_route=\/wp\/v2\/pages\/1256\/revisions\/2275"}],"wp:attachment":[{"href":"https:\/\/librosdelaaxarquia.com\/index.php?rest_route=%2Fwp%2Fv2%2Fmedia&parent=1256"}],"curies":[{"name":"wp","href":"https:\/\/api.w.org\/{rel}","templated":true}]}}