{"id":1263,"date":"2025-11-22T00:14:18","date_gmt":"2025-11-21T23:14:18","guid":{"rendered":"https:\/\/librosdelaaxarquia.com\/?page_id=1263"},"modified":"2025-12-04T12:52:09","modified_gmt":"2025-12-04T11:52:09","slug":"el-movimiento-scout","status":"publish","type":"page","link":"https:\/\/librosdelaaxarquia.com\/?page_id=1263","title":{"rendered":"EL MOVIMIENTO SCOUT"},"content":{"rendered":"\n<figure class=\"wp-block-image aligncenter size-full is-resized\"><img loading=\"lazy\" decoding=\"async\" width=\"426\" height=\"689\" src=\"https:\/\/librosdelaaxarquia.com\/wp-content\/uploads\/2025\/11\/PORTADA-SCOUT-1.jpg\" alt=\"\" class=\"wp-image-1264\" style=\"width:475px;height:auto\" srcset=\"https:\/\/librosdelaaxarquia.com\/wp-content\/uploads\/2025\/11\/PORTADA-SCOUT-1.jpg 426w, https:\/\/librosdelaaxarquia.com\/wp-content\/uploads\/2025\/11\/PORTADA-SCOUT-1-185x300.jpg 185w\" sizes=\"auto, (max-width: 426px) 100vw, 426px\" \/><\/figure>\n\n\n\n<p>.<\/p>\n\n\n\n<p>COLECCI\u00d3N <strong><a href=\"https:\/\/librosdelaaxarquia.com\/?page_id=59\" data-type=\"page\" data-id=\"59\">LA PEQUE\u00d1A HISTORIA<\/a><\/strong> (N\u00ba 3)<\/p>\n\n\n\n<p><strong>ISBN:<\/strong> 978-84-948637-6-9   <strong>D. L. MA<\/strong> 1249-2019<\/p>\n\n\n\n<p>N\u00famero de p\u00e1ginas:  338<\/p>\n\n\n\n<div style=\"height:9px\" aria-hidden=\"true\" class=\"wp-block-spacer\"><\/div>\n\n\n\n<p>Este libro recoge la experiencia vital, social y educativa del movimiento scout en V\u00e9lez-M\u00e1laga, desarrollado a lo largo del tiempo en dos etapas claramente diferenciadas: la de los \u00abExploradores Vele\u00f1os\u00bb, de principios del siglo XX, coet\u00e1neo con el fundador Robert Baden-Powell, y la del \u00abGrupo Mainake 289\u00bb, que se fundara en 1972, por un grupo de muchachos y el sacerdote malague\u00f1o Juan Miguel Gonz\u00e1lez Rubio, y que contin\u00faa en la actualidad.<\/p>\n\n\n\n<div style=\"height:10px\" aria-hidden=\"true\" class=\"wp-block-spacer\"><\/div>\n\n\n\n<figure class=\"wp-block-embed is-type-video is-provider-youtube wp-block-embed-youtube wp-embed-aspect-16-9 wp-has-aspect-ratio\"><div class=\"wp-block-embed__wrapper\">\n<iframe loading=\"lazy\" title=\"SPOT LIBRO SCOUT\" width=\"500\" height=\"281\" src=\"https:\/\/www.youtube.com\/embed\/UaMmT4uAFDo?feature=oembed\" frameborder=\"0\" allow=\"accelerometer; autoplay; clipboard-write; encrypted-media; gyroscope; picture-in-picture; web-share\" referrerpolicy=\"strict-origin-when-cross-origin\" allowfullscreen><\/iframe>\n<\/div><\/figure>\n\n\n\n<div style=\"height:23px\" aria-hidden=\"true\" class=\"wp-block-spacer\"><\/div>\n\n\n\n<p>De la etapa m\u00e1s reciente, son tantas y tan intensas las experiencias vividas por los scouts vele\u00f1os que, quienes de aquellos se acerquen a este libro, encontrar\u00e1n abundantes carencias. No es posible recoger todas las experiencias de todos, ni todas las fotograf\u00edas de todos. Las mismas ausencias que se encuentren demuestran la grandeza, variedad, calado y riqueza de un grupo humano que naci\u00f3, creci\u00f3, convivi\u00f3 y madur\u00f3, con la buena voluntad e intenci\u00f3n de mejorar el mundo circundante, cuidando de la naturaleza, form\u00e1ndose humanamente, ayud\u00e1ndose unos a otros y descubriendo \u2013como dec\u00eda Baden-Powell\u2013 que \u201cpor encima de los techos de los cines est\u00e1n las estrellas\u201d.<\/p>\n\n\n\n<div style=\"height:10px\" aria-hidden=\"true\" class=\"wp-block-spacer\"><\/div>\n\n\n\n<p class=\"has-text-align-center\"><strong>ACTO DE PRESENTACI\u00d3N DEL LIBRO<\/strong><\/p>\n\n\n\n<p class=\"has-text-align-center\">(La Casa de las Titas)<\/p>\n\n\n\n<figure class=\"wp-block-embed is-type-video is-provider-youtube wp-block-embed-youtube wp-embed-aspect-4-3 wp-has-aspect-ratio\"><div class=\"wp-block-embed__wrapper\">\n<iframe loading=\"lazy\" title=\"EL MOVIMIENTO SCOUT EN V\u00c9LEZ-M\u00c1LAGA\" width=\"500\" height=\"375\" src=\"https:\/\/www.youtube.com\/embed\/jx7H46k9WtU?feature=oembed\" frameborder=\"0\" allow=\"accelerometer; autoplay; clipboard-write; encrypted-media; gyroscope; picture-in-picture; web-share\" referrerpolicy=\"strict-origin-when-cross-origin\" allowfullscreen><\/iframe>\n<\/div><\/figure>\n\n\n\n<div style=\"height:25px\" aria-hidden=\"true\" class=\"wp-block-spacer\"><\/div>\n\n\n\n<figure class=\"wp-block-image size-large\"><img loading=\"lazy\" decoding=\"async\" width=\"1024\" height=\"508\" src=\"https:\/\/librosdelaaxarquia.com\/wp-content\/uploads\/2025\/12\/SCOUT-1024x508.jpg\" alt=\"\" class=\"wp-image-2042\" srcset=\"https:\/\/librosdelaaxarquia.com\/wp-content\/uploads\/2025\/12\/SCOUT-1024x508.jpg 1024w, https:\/\/librosdelaaxarquia.com\/wp-content\/uploads\/2025\/12\/SCOUT-300x149.jpg 300w, https:\/\/librosdelaaxarquia.com\/wp-content\/uploads\/2025\/12\/SCOUT-768x381.jpg 768w, https:\/\/librosdelaaxarquia.com\/wp-content\/uploads\/2025\/12\/SCOUT.jpg 1504w\" sizes=\"auto, (max-width: 1024px) 100vw, 1024px\" \/><\/figure>\n","protected":false},"excerpt":{"rendered":"<p>. COLECCI\u00d3N LA PEQUE\u00d1A HISTORIA (N\u00ba 3) ISBN: 978-84-948637-6-9 D. L. MA 1249-2019 N\u00famero de p\u00e1ginas: 338 Este libro recoge la experiencia vital, social y educativa del movimiento scout en V\u00e9lez-M\u00e1laga, desarrollado a lo largo del tiempo en dos etapas claramente diferenciadas: la de los \u00abExploradores Vele\u00f1os\u00bb, de principios del siglo XX, coet\u00e1neo con el [&hellip;]<\/p>\n","protected":false},"author":1,"featured_media":0,"parent":0,"menu_order":0,"comment_status":"closed","ping_status":"closed","template":"","meta":{"footnotes":""},"class_list":["post-1263","page","type-page","status-publish","hentry"],"_links":{"self":[{"href":"https:\/\/librosdelaaxarquia.com\/index.php?rest_route=\/wp\/v2\/pages\/1263","targetHints":{"allow":["GET"]}}],"collection":[{"href":"https:\/\/librosdelaaxarquia.com\/index.php?rest_route=\/wp\/v2\/pages"}],"about":[{"href":"https:\/\/librosdelaaxarquia.com\/index.php?rest_route=\/wp\/v2\/types\/page"}],"author":[{"embeddable":true,"href":"https:\/\/librosdelaaxarquia.com\/index.php?rest_route=\/wp\/v2\/users\/1"}],"replies":[{"embeddable":true,"href":"https:\/\/librosdelaaxarquia.com\/index.php?rest_route=%2Fwp%2Fv2%2Fcomments&post=1263"}],"version-history":[{"count":5,"href":"https:\/\/librosdelaaxarquia.com\/index.php?rest_route=\/wp\/v2\/pages\/1263\/revisions"}],"predecessor-version":[{"id":2044,"href":"https:\/\/librosdelaaxarquia.com\/index.php?rest_route=\/wp\/v2\/pages\/1263\/revisions\/2044"}],"wp:attachment":[{"href":"https:\/\/librosdelaaxarquia.com\/index.php?rest_route=%2Fwp%2Fv2%2Fmedia&parent=1263"}],"curies":[{"name":"wp","href":"https:\/\/api.w.org\/{rel}","templated":true}]}}