{"id":1331,"date":"2025-11-23T18:13:22","date_gmt":"2025-11-23T17:13:22","guid":{"rendered":"https:\/\/librosdelaaxarquia.com\/?page_id=1331"},"modified":"2025-12-06T14:31:06","modified_gmt":"2025-12-06T13:31:06","slug":"jose-mendez-hoyos","status":"publish","type":"page","link":"https:\/\/librosdelaaxarquia.com\/?page_id=1331","title":{"rendered":"JOS\u00c9 M\u00c9NDEZ HOYOS"},"content":{"rendered":"\n<div class=\"wp-block-group is-nowrap is-layout-flex wp-container-core-group-is-layout-6c531013 wp-block-group-is-layout-flex\">\n<figure class=\"wp-block-image size-full is-resized\"><img loading=\"lazy\" decoding=\"async\" width=\"435\" height=\"685\" src=\"https:\/\/librosdelaaxarquia.com\/wp-content\/uploads\/2025\/11\/Cartas-de-Velez-4.jpg\" alt=\"\" class=\"wp-image-1333\" style=\"width:305px;height:auto\" srcset=\"https:\/\/librosdelaaxarquia.com\/wp-content\/uploads\/2025\/11\/Cartas-de-Velez-4.jpg 435w, https:\/\/librosdelaaxarquia.com\/wp-content\/uploads\/2025\/11\/Cartas-de-Velez-4-191x300.jpg 191w\" sizes=\"auto, (max-width: 435px) 100vw, 435px\" \/><\/figure>\n\n\n\n<figure class=\"wp-block-image size-full is-resized\"><img loading=\"lazy\" decoding=\"async\" width=\"434\" height=\"691\" src=\"https:\/\/librosdelaaxarquia.com\/wp-content\/uploads\/2025\/11\/CRONICAS-VELENAS_001-1.jpg\" alt=\"\" class=\"wp-image-1334\" style=\"width:301px;height:auto\" srcset=\"https:\/\/librosdelaaxarquia.com\/wp-content\/uploads\/2025\/11\/CRONICAS-VELENAS_001-1.jpg 434w, https:\/\/librosdelaaxarquia.com\/wp-content\/uploads\/2025\/11\/CRONICAS-VELENAS_001-1-188x300.jpg 188w\" sizes=\"auto, (max-width: 434px) 100vw, 434px\" \/><\/figure>\n<\/div>\n\n\n\n<div style=\"height:6px\" aria-hidden=\"true\" class=\"wp-block-spacer\"><\/div>\n\n\n\n<p><strong>Jos\u00e9 M\u00e9ndez Hoyos<\/strong> naci\u00f3 en V\u00e9lez-M\u00e1laga el 22 de marzo de 1923.<\/p>\n\n\n\n<p>Estudi\u00f3 sus primeras letras en el vele\u00f1\u00edsimo Real Convento de Santiago, en las escuelas de los padres franciscanos, y contando 12 a\u00f1os ingres\u00f3 en el Instituto de Segunda Ense\u00f1anza de V\u00e9lez-M\u00e1laga. Cuando al poco desaparece este centro educativo, y estalla la Guerra Civil, tiene que abandonar los estudios, pero nunca su grand\u00edsima afici\u00f3n a la lectura, que le va a acompa\u00f1ar el resto de su vida.<\/p>\n\n\n\n<p>Establecido en el comercio, jam\u00e1s pierde contacto con el escaso movimiento literario de la ciudad y en los a\u00f1os cuarenta intenta crear una asociaci\u00f3n literaria con otros amantes de las letras como Ventura Cuenca, Miguel Bergillos, Antonio Jim\u00e9nez (luego \u201cPedro de V\u00e9lez\u201d), Francisco Cazorla&#8230; Pero, a pesar del apoyo que reciben del maestro \u2013y luego alcalde vele\u00f1o, don Eloy T\u00e9llez\u2013 la asociaci\u00f3n no cuaja.<\/p>\n\n\n\n<p>Escritos constantes en toda publicaci\u00f3n vele\u00f1a, M\u00e9ndez Hoyos se convierte en firma obligada de los programas de feria, peri\u00f3dicos locales, publicaciones varias y en la prensa provincial, donde, como corresponsal del diario <em>SUR<\/em>, mantiene encendida la llama informativa durante muchos a\u00f1os, siendo testigo fiel del acontecer de la ciudad. No fue historiador, pero ten\u00eda madera para serlo, y sus capacidades, esfuerzos culturales y actividad literaria le ganaron el aprecio y la admiraci\u00f3n de innumerables vele\u00f1os que le vieron, siempre, como un ilustrado con mentalidad de servicio, que \u201ccontaba\u201d en sus cr\u00f3nicas lo m\u00e1s destacado de cuanto acontec\u00eda en la ciudad, y que siempre lo hac\u00eda con elegancia y tino.<\/p>\n\n\n\n<p>Considerado el \u201cdecano\u201d de la prensa vele\u00f1a tuvo el afecto de todos los que se han dedicado a la informaci\u00f3n por estas tierras, siendo nombrado de facto \u201cCronista Oficial de la Ciudad\u201d en un justo reconocimiento por parte de la capital de la Axarqu\u00eda.<\/p>\n\n\n\n<p>Estuvo presente en toda la vida social de la ciudad, siendo presidente de la Asociaci\u00f3n de Cabezas de Familia, miembro de la Asamblea Local de la Cruz Roja, de la Agrupaci\u00f3n de Cofrad\u00edas, del Club N\u00e1utico de Torre del Mar, del Centro de Estudios de la Axarqu\u00eda, de la Sociedad Recreativa \u201cLa Pe\u00f1a\u201d, y, como amante del flamenco, fundador, y primer presidente, de la Pe\u00f1a Juan Breva&#8230;<\/p>\n\n\n\n<p>Se nos fue en el Hospital Provincial de Carlos Haya, en la noche de martes a mi\u00e9rcoles del &nbsp;8 de diciembre de 1998.<\/p>\n\n\n\n<div style=\"height:4px\" aria-hidden=\"true\" class=\"wp-block-spacer\"><\/div>\n\n\n\n<figure class=\"wp-block-image size-large\"><img loading=\"lazy\" decoding=\"async\" width=\"1024\" height=\"479\" src=\"https:\/\/librosdelaaxarquia.com\/wp-content\/uploads\/2025\/11\/Cartas-de-Velez-5-1024x479.jpg\" alt=\"\" class=\"wp-image-1335\" srcset=\"https:\/\/librosdelaaxarquia.com\/wp-content\/uploads\/2025\/11\/Cartas-de-Velez-5-1024x479.jpg 1024w, https:\/\/librosdelaaxarquia.com\/wp-content\/uploads\/2025\/11\/Cartas-de-Velez-5-300x140.jpg 300w, https:\/\/librosdelaaxarquia.com\/wp-content\/uploads\/2025\/11\/Cartas-de-Velez-5-768x359.jpg 768w, https:\/\/librosdelaaxarquia.com\/wp-content\/uploads\/2025\/11\/Cartas-de-Velez-5.jpg 1457w\" sizes=\"auto, (max-width: 1024px) 100vw, 1024px\" \/><\/figure>\n\n\n\n<div style=\"height:14px\" aria-hidden=\"true\" class=\"wp-block-spacer\"><\/div>\n\n\n\n<figure class=\"wp-block-image size-large\"><img loading=\"lazy\" decoding=\"async\" width=\"1024\" height=\"491\" src=\"https:\/\/librosdelaaxarquia.com\/wp-content\/uploads\/2025\/12\/Portada-Cronicas-Velenas-B_001-1024x491.jpg\" alt=\"\" class=\"wp-image-2161\" srcset=\"https:\/\/librosdelaaxarquia.com\/wp-content\/uploads\/2025\/12\/Portada-Cronicas-Velenas-B_001-1024x491.jpg 1024w, https:\/\/librosdelaaxarquia.com\/wp-content\/uploads\/2025\/12\/Portada-Cronicas-Velenas-B_001-300x144.jpg 300w, https:\/\/librosdelaaxarquia.com\/wp-content\/uploads\/2025\/12\/Portada-Cronicas-Velenas-B_001-768x369.jpg 768w, https:\/\/librosdelaaxarquia.com\/wp-content\/uploads\/2025\/12\/Portada-Cronicas-Velenas-B_001.jpg 1444w\" sizes=\"auto, (max-width: 1024px) 100vw, 1024px\" \/><\/figure>\n","protected":false},"excerpt":{"rendered":"<p>Jos\u00e9 M\u00e9ndez Hoyos naci\u00f3 en V\u00e9lez-M\u00e1laga el 22 de marzo de 1923. Estudi\u00f3 sus primeras letras en el vele\u00f1\u00edsimo Real Convento de Santiago, en las escuelas de los padres franciscanos, y contando 12 a\u00f1os ingres\u00f3 en el Instituto de Segunda Ense\u00f1anza de V\u00e9lez-M\u00e1laga. Cuando al poco desaparece este centro educativo, y estalla la Guerra Civil, [&hellip;]<\/p>\n","protected":false},"author":1,"featured_media":0,"parent":0,"menu_order":0,"comment_status":"closed","ping_status":"closed","template":"","meta":{"footnotes":""},"class_list":["post-1331","page","type-page","status-publish","hentry"],"_links":{"self":[{"href":"https:\/\/librosdelaaxarquia.com\/index.php?rest_route=\/wp\/v2\/pages\/1331","targetHints":{"allow":["GET"]}}],"collection":[{"href":"https:\/\/librosdelaaxarquia.com\/index.php?rest_route=\/wp\/v2\/pages"}],"about":[{"href":"https:\/\/librosdelaaxarquia.com\/index.php?rest_route=\/wp\/v2\/types\/page"}],"author":[{"embeddable":true,"href":"https:\/\/librosdelaaxarquia.com\/index.php?rest_route=\/wp\/v2\/users\/1"}],"replies":[{"embeddable":true,"href":"https:\/\/librosdelaaxarquia.com\/index.php?rest_route=%2Fwp%2Fv2%2Fcomments&post=1331"}],"version-history":[{"count":4,"href":"https:\/\/librosdelaaxarquia.com\/index.php?rest_route=\/wp\/v2\/pages\/1331\/revisions"}],"predecessor-version":[{"id":2162,"href":"https:\/\/librosdelaaxarquia.com\/index.php?rest_route=\/wp\/v2\/pages\/1331\/revisions\/2162"}],"wp:attachment":[{"href":"https:\/\/librosdelaaxarquia.com\/index.php?rest_route=%2Fwp%2Fv2%2Fmedia&parent=1331"}],"curies":[{"name":"wp","href":"https:\/\/api.w.org\/{rel}","templated":true}]}}