{"id":1440,"date":"2025-11-24T23:21:39","date_gmt":"2025-11-24T22:21:39","guid":{"rendered":"https:\/\/librosdelaaxarquia.com\/?page_id=1440"},"modified":"2025-12-06T17:21:45","modified_gmt":"2025-12-06T16:21:45","slug":"sorpresas-en-la-historia-de-velez-malaga","status":"publish","type":"page","link":"https:\/\/librosdelaaxarquia.com\/?page_id=1440","title":{"rendered":"SORPRESAS EN LA HISTORIA DE V\u00c9LEZ-M\u00c1LAGA"},"content":{"rendered":"\n<figure class=\"wp-block-image aligncenter size-full is-resized\"><img loading=\"lazy\" decoding=\"async\" width=\"433\" height=\"709\" src=\"https:\/\/librosdelaaxarquia.com\/wp-content\/uploads\/2025\/11\/SORPRESAS-3.jpg\" alt=\"\" class=\"wp-image-1441\" style=\"aspect-ratio:0.6107412339103417;width:420px;height:auto\" srcset=\"https:\/\/librosdelaaxarquia.com\/wp-content\/uploads\/2025\/11\/SORPRESAS-3.jpg 433w, https:\/\/librosdelaaxarquia.com\/wp-content\/uploads\/2025\/11\/SORPRESAS-3-183x300.jpg 183w\" sizes=\"auto, (max-width: 433px) 100vw, 433px\" \/><\/figure>\n\n\n\n<div style=\"height:7px\" aria-hidden=\"true\" class=\"wp-block-spacer\"><\/div>\n\n\n\n<p>AUTOR: <a href=\"https:\/\/librosdelaaxarquia.com\/?page_id=518\" data-type=\"page\" data-id=\"518\">FRANCISCO MONTORO FERN\u00c1NDEZ<\/a><\/p>\n\n\n\n<p>COLECCI\u00d3N<strong> <a href=\"https:\/\/librosdelaaxarquia.com\/?page_id=59\" data-type=\"page\" data-id=\"59\">LA PEQUE\u00d1A HISTORIA<\/a><\/strong> (N\u00ba 3)<\/p>\n\n\n\n<p><strong>ISBN:<\/strong>  978-84-122076-2-3  <strong> D. L.<\/strong>  MA   377-2021<\/p>\n\n\n\n<p>N\u00famero de p\u00e1ginas:  236<\/p>\n\n\n\n<div style=\"height:2px\" aria-hidden=\"true\" class=\"wp-block-spacer\"><\/div>\n\n\n\n<p>Este libro <em>Sorpresas en la Historia de V\u00e9lez-M\u00e1laga<\/em> est\u00e1 formado por una colecci\u00f3n de textos que nos descubren hechos y datos poco conocidos, que sorprenden al lector y que le descubren informaci\u00f3n rese\u00f1able del pasado de la capital de la Axarqu\u00eda.<\/p>\n\n\n\n<p>Pero, adem\u00e1s, las \u201c<em>Sorpresas\u2026<\/em>\u201d que conforman este libro, son unidades de pensamiento \u201cterminadas\u201d, y que poseen textos no improvisados, revisados, de brevedad en la exposici\u00f3n y que gozan de las caracter\u00edsticas de legibilidad, atractivo, rigor\u2026<\/p>\n\n\n\n<p>Una colecci\u00f3n de textos que pueden ser le\u00eddos sin ning\u00fan orden preestablecido y que sin duda contribuir\u00e1n a conformar la base de una sabidur\u00eda de nuestra Historia Local que nos ayudar\u00e1 a conocer, querer y cuidar a V\u00e9lez-M\u00e1laga.<\/p>\n\n\n\n<p>Estamos, pues, ante un libro que no pretende ser le\u00eddo r\u00e1pido, que aspira a promover la reflexi\u00f3n y la visi\u00f3n serena, que ayuda y motiva el conocimiento de nuestro entorno vital,&nbsp; que facilita el placer de leer, que ilustra sobre lo que somos y fuimos los de aqu\u00ed, y que aporta matices, datos de inter\u00e9s, y posicionamientos positivos hacia esta tierra milenaria del sur de Andaluc\u00eda.<\/p>\n\n\n\n<div style=\"height:1px\" aria-hidden=\"true\" class=\"wp-block-spacer\"><\/div>\n\n\n\n<p class=\"has-text-align-center\"><strong>SPOT DEL LIBRO<\/strong><\/p>\n\n\n\n<figure class=\"wp-block-embed is-type-video is-provider-youtube wp-block-embed-youtube wp-embed-aspect-16-9 wp-has-aspect-ratio\"><div class=\"wp-block-embed__wrapper\">\n<iframe loading=\"lazy\" title=\"SORPRESAS\" width=\"500\" height=\"281\" src=\"https:\/\/www.youtube.com\/embed\/VBJzFsB3BuU?feature=oembed\" frameborder=\"0\" allow=\"accelerometer; autoplay; clipboard-write; encrypted-media; gyroscope; picture-in-picture; web-share\" referrerpolicy=\"strict-origin-when-cross-origin\" allowfullscreen><\/iframe>\n<\/div><\/figure>\n\n\n\n<div style=\"height:15px\" aria-hidden=\"true\" class=\"wp-block-spacer\"><\/div>\n\n\n\n<figure class=\"wp-block-image size-large\"><img loading=\"lazy\" decoding=\"async\" width=\"1024\" height=\"500\" src=\"https:\/\/librosdelaaxarquia.com\/wp-content\/uploads\/2025\/12\/SORPRESAS-cubierta-1024x500.jpg\" alt=\"\" class=\"wp-image-2187\" srcset=\"https:\/\/librosdelaaxarquia.com\/wp-content\/uploads\/2025\/12\/SORPRESAS-cubierta-1024x500.jpg 1024w, https:\/\/librosdelaaxarquia.com\/wp-content\/uploads\/2025\/12\/SORPRESAS-cubierta-300x146.jpg 300w, https:\/\/librosdelaaxarquia.com\/wp-content\/uploads\/2025\/12\/SORPRESAS-cubierta-768x375.jpg 768w, https:\/\/librosdelaaxarquia.com\/wp-content\/uploads\/2025\/12\/SORPRESAS-cubierta.jpg 1452w\" sizes=\"auto, (max-width: 1024px) 100vw, 1024px\" \/><\/figure>\n","protected":false},"excerpt":{"rendered":"<p>AUTOR: FRANCISCO MONTORO FERN\u00c1NDEZ COLECCI\u00d3N LA PEQUE\u00d1A HISTORIA (N\u00ba 3) ISBN: 978-84-122076-2-3 D. L. MA 377-2021 N\u00famero de p\u00e1ginas: 236 Este libro Sorpresas en la Historia de V\u00e9lez-M\u00e1laga est\u00e1 formado por una colecci\u00f3n de textos que nos descubren hechos y datos poco conocidos, que sorprenden al lector y que le descubren informaci\u00f3n rese\u00f1able del pasado [&hellip;]<\/p>\n","protected":false},"author":1,"featured_media":0,"parent":0,"menu_order":0,"comment_status":"closed","ping_status":"closed","template":"","meta":{"footnotes":""},"class_list":["post-1440","page","type-page","status-publish","hentry"],"_links":{"self":[{"href":"https:\/\/librosdelaaxarquia.com\/index.php?rest_route=\/wp\/v2\/pages\/1440","targetHints":{"allow":["GET"]}}],"collection":[{"href":"https:\/\/librosdelaaxarquia.com\/index.php?rest_route=\/wp\/v2\/pages"}],"about":[{"href":"https:\/\/librosdelaaxarquia.com\/index.php?rest_route=\/wp\/v2\/types\/page"}],"author":[{"embeddable":true,"href":"https:\/\/librosdelaaxarquia.com\/index.php?rest_route=\/wp\/v2\/users\/1"}],"replies":[{"embeddable":true,"href":"https:\/\/librosdelaaxarquia.com\/index.php?rest_route=%2Fwp%2Fv2%2Fcomments&post=1440"}],"version-history":[{"count":5,"href":"https:\/\/librosdelaaxarquia.com\/index.php?rest_route=\/wp\/v2\/pages\/1440\/revisions"}],"predecessor-version":[{"id":2188,"href":"https:\/\/librosdelaaxarquia.com\/index.php?rest_route=\/wp\/v2\/pages\/1440\/revisions\/2188"}],"wp:attachment":[{"href":"https:\/\/librosdelaaxarquia.com\/index.php?rest_route=%2Fwp%2Fv2%2Fmedia&parent=1440"}],"curies":[{"name":"wp","href":"https:\/\/api.w.org\/{rel}","templated":true}]}}