{"id":1478,"date":"2025-11-25T19:54:58","date_gmt":"2025-11-25T18:54:58","guid":{"rendered":"https:\/\/librosdelaaxarquia.com\/?page_id=1478"},"modified":"2025-12-06T14:32:37","modified_gmt":"2025-12-06T13:32:37","slug":"cronicas-velenas","status":"publish","type":"page","link":"https:\/\/librosdelaaxarquia.com\/?page_id=1478","title":{"rendered":"CR\u00d3NICAS VELE\u00d1AS"},"content":{"rendered":"\n<figure class=\"wp-block-image aligncenter size-full is-resized\"><img loading=\"lazy\" decoding=\"async\" width=\"434\" height=\"691\" src=\"https:\/\/librosdelaaxarquia.com\/wp-content\/uploads\/2025\/11\/CRONICAS-VELENAS_001-2.jpg\" alt=\"\" class=\"wp-image-1479\" style=\"aspect-ratio:0.628099173553719;width:446px;height:auto\" srcset=\"https:\/\/librosdelaaxarquia.com\/wp-content\/uploads\/2025\/11\/CRONICAS-VELENAS_001-2.jpg 434w, https:\/\/librosdelaaxarquia.com\/wp-content\/uploads\/2025\/11\/CRONICAS-VELENAS_001-2-188x300.jpg 188w\" sizes=\"auto, (max-width: 434px) 100vw, 434px\" \/><\/figure>\n\n\n\n<div style=\"height:20px\" aria-hidden=\"true\" class=\"wp-block-spacer\"><\/div>\n\n\n\n<p>AUTOR: <em>J<a href=\"https:\/\/librosdelaaxarquia.com\/?page_id=1331\" data-type=\"page\" data-id=\"1331\">OS\u00c9 M\u00c9NDEZ HOYOS<\/a><\/em><\/p>\n\n\n\n<p>COLECCI\u00d3N <a href=\"https:\/\/librosdelaaxarquia.com\/?page_id=143\" data-type=\"page\" data-id=\"143\"><strong>REFLEXIONES<\/strong> <\/a>(N\u00ba 9)<\/p>\n\n\n\n<p><strong>ISBN<\/strong>:  978-84-122073-3-0  D. L.  MA 645-2021<\/p>\n\n\n\n<p>N\u00famero de p\u00e1ginas:  244<\/p>\n\n\n\n<div style=\"height:2px\" aria-hidden=\"true\" class=\"wp-block-spacer\"><\/div>\n\n\n\n<p><strong>Durante la segunda mitad del siglo XX la actualidad local de la capital de la Axarqu\u00eda estuvo contada por un cronista brillante que, con mentalidad de servicio y un gran amor a estas tierras, daba a conocer a los vele\u00f1os y malague\u00f1os la actualidad y los entresijos del devenir pol\u00edtico y cultural por estos mundos de Dios.<\/strong><\/p>\n\n\n\n<p><strong>Desde la primera emisora de radio vele\u00f1a <em>La Voz de la Parroquia <\/em>&nbsp;\u2013de la que fue un gran colaborador\u2013 hasta el poderoso peri\u00f3dico <em>Diario Sur<\/em>, \u2013su gran plataforma comunicativa\u2013 pasando por <em>Sol de Espa\u00f1a<\/em>, <em>Diario de la Costa del Sol<\/em>, y \u201ctodas\u201d las publicaciones comarcales, como <em>El Correo de V\u00e9lez<\/em>, <em>El Comarcal<\/em>, <em>El Oriental<\/em>, etc., etc.; Pepe M\u00e9ndez fue la voz de V\u00e9lez-M\u00e1laga.<\/strong><\/p>\n\n\n\n<p><strong>Don Jos\u00e9 M\u00e9ndez Hoyos, \u201cPepe M\u00e9ndez\u201d para los vele\u00f1os, fue un comerciante ilustrado que cruz\u00f3 los tiempos dif\u00edciles de la postguerra civil y los a\u00f1os sesenta, \u201ccontando\u201d con sus escritos el acontecer de este rinc\u00f3n malague\u00f1o.<\/strong><\/p>\n\n\n\n<div style=\"height:7px\" aria-hidden=\"true\" class=\"wp-block-spacer\"><\/div>\n\n\n\n<figure class=\"wp-block-embed is-type-video is-provider-youtube wp-block-embed-youtube wp-embed-aspect-4-3 wp-has-aspect-ratio\"><div class=\"wp-block-embed__wrapper\">\n<iframe loading=\"lazy\" title=\"PEPE M\u00c9NDEZ\" width=\"500\" height=\"375\" src=\"https:\/\/www.youtube.com\/embed\/0BVOBNNAjXE?feature=oembed\" frameborder=\"0\" allow=\"accelerometer; autoplay; clipboard-write; encrypted-media; gyroscope; picture-in-picture; web-share\" referrerpolicy=\"strict-origin-when-cross-origin\" allowfullscreen><\/iframe>\n<\/div><\/figure>\n\n\n\n<div style=\"height:8px\" aria-hidden=\"true\" class=\"wp-block-spacer\"><\/div>\n\n\n\n<p><strong>Fue un adelantado a su \u00e9poca, y, a la vez que se inici\u00f3 como informador en una emisora de radio, en su fase final fue un colaborador habitual de una emisora de televisi\u00f3n local, <em>Velevisa TV<\/em> con su comentario diario \u201cPlaza de las Carmelitas\u201d.<\/strong><\/p>\n\n\n\n<p><strong>Su manifiesto sentido del humor, su capacidad comunicativa y su privilegiada posici\u00f3n de observador, nos permite trasladarnos hoy, m\u00e1gicamente, al V\u00e9lez-M\u00e1laga de la segunda mitad del siglo XX.<\/strong><\/p>\n\n\n\n<div style=\"height:6px\" aria-hidden=\"true\" class=\"wp-block-spacer\"><\/div>\n\n\n\n<figure class=\"wp-block-image size-large\"><img loading=\"lazy\" decoding=\"async\" width=\"1024\" height=\"491\" src=\"https:\/\/librosdelaaxarquia.com\/wp-content\/uploads\/2025\/11\/Portada-Cronicas-Velenas-B_001-1024x491.jpg\" alt=\"\" class=\"wp-image-1480\" srcset=\"https:\/\/librosdelaaxarquia.com\/wp-content\/uploads\/2025\/11\/Portada-Cronicas-Velenas-B_001-1024x491.jpg 1024w, https:\/\/librosdelaaxarquia.com\/wp-content\/uploads\/2025\/11\/Portada-Cronicas-Velenas-B_001-300x144.jpg 300w, https:\/\/librosdelaaxarquia.com\/wp-content\/uploads\/2025\/11\/Portada-Cronicas-Velenas-B_001-768x369.jpg 768w, https:\/\/librosdelaaxarquia.com\/wp-content\/uploads\/2025\/11\/Portada-Cronicas-Velenas-B_001.jpg 1444w\" sizes=\"auto, (max-width: 1024px) 100vw, 1024px\" \/><\/figure>\n","protected":false},"excerpt":{"rendered":"<p>AUTOR: JOS\u00c9 M\u00c9NDEZ HOYOS COLECCI\u00d3N REFLEXIONES (N\u00ba 9) ISBN: 978-84-122073-3-0 D. L. MA 645-2021 N\u00famero de p\u00e1ginas: 244 Durante la segunda mitad del siglo XX la actualidad local de la capital de la Axarqu\u00eda estuvo contada por un cronista brillante que, con mentalidad de servicio y un gran amor a estas tierras, daba a conocer [&hellip;]<\/p>\n","protected":false},"author":1,"featured_media":0,"parent":0,"menu_order":0,"comment_status":"closed","ping_status":"closed","template":"","meta":{"footnotes":""},"class_list":["post-1478","page","type-page","status-publish","hentry"],"_links":{"self":[{"href":"https:\/\/librosdelaaxarquia.com\/index.php?rest_route=\/wp\/v2\/pages\/1478","targetHints":{"allow":["GET"]}}],"collection":[{"href":"https:\/\/librosdelaaxarquia.com\/index.php?rest_route=\/wp\/v2\/pages"}],"about":[{"href":"https:\/\/librosdelaaxarquia.com\/index.php?rest_route=\/wp\/v2\/types\/page"}],"author":[{"embeddable":true,"href":"https:\/\/librosdelaaxarquia.com\/index.php?rest_route=\/wp\/v2\/users\/1"}],"replies":[{"embeddable":true,"href":"https:\/\/librosdelaaxarquia.com\/index.php?rest_route=%2Fwp%2Fv2%2Fcomments&post=1478"}],"version-history":[{"count":5,"href":"https:\/\/librosdelaaxarquia.com\/index.php?rest_route=\/wp\/v2\/pages\/1478\/revisions"}],"predecessor-version":[{"id":2163,"href":"https:\/\/librosdelaaxarquia.com\/index.php?rest_route=\/wp\/v2\/pages\/1478\/revisions\/2163"}],"wp:attachment":[{"href":"https:\/\/librosdelaaxarquia.com\/index.php?rest_route=%2Fwp%2Fv2%2Fmedia&parent=1478"}],"curies":[{"name":"wp","href":"https:\/\/api.w.org\/{rel}","templated":true}]}}