{"id":1489,"date":"2025-11-25T20:41:42","date_gmt":"2025-11-25T19:41:42","guid":{"rendered":"https:\/\/librosdelaaxarquia.com\/?page_id=1489"},"modified":"2025-11-25T20:41:42","modified_gmt":"2025-11-25T19:41:42","slug":"con-mirada-de-poeta","status":"publish","type":"page","link":"https:\/\/librosdelaaxarquia.com\/?page_id=1489","title":{"rendered":"CON MIRADA DE POETA"},"content":{"rendered":"\n<figure class=\"wp-block-image aligncenter size-full is-resized\"><img loading=\"lazy\" decoding=\"async\" width=\"429\" height=\"690\" src=\"https:\/\/librosdelaaxarquia.com\/wp-content\/uploads\/2025\/11\/R.-MORALES_001-3.jpg\" alt=\"\" class=\"wp-image-1490\" style=\"width:336px;height:auto\" srcset=\"https:\/\/librosdelaaxarquia.com\/wp-content\/uploads\/2025\/11\/R.-MORALES_001-3.jpg 429w, https:\/\/librosdelaaxarquia.com\/wp-content\/uploads\/2025\/11\/R.-MORALES_001-3-187x300.jpg 187w\" sizes=\"auto, (max-width: 429px) 100vw, 429px\" \/><\/figure>\n\n\n\n<p>.<\/p>\n\n\n\n<p>COLECCI\u00d3N <strong>POEMARIOS<\/strong> (N\u00ba 2)<\/p>\n\n\n\n<p><strong>ISBN:<\/strong>  978-84-122073-6-1   D. L.  MA 1657-2021<\/p>\n\n\n\n<p>N\u00famero de p\u00e1ginas:  162<\/p>\n\n\n\n<p>.<\/p>\n\n\n\n<p>Este poemario del profesor Rafael Morales Torres (Loja, 1932 &#8211; V\u00e9lez-M\u00e1laga, 2018) es un homenaje literario que le hacen sus amigos vele\u00f1os, aquellos que compartieron con \u00e9l sus \u00faltimos veinte a\u00f1os de vida.<\/p>\n\n\n\n<p>Lleno de sensibilidad <em>Con mirada de poeta<\/em> es una muestra de lo que la pluma de este Loje\u00f1o brillante escribi\u00f3 sobre Loja, V\u00e9lez-M\u00e1laga, el flamenco, la Semana Santa, etc.<\/p>\n\n\n\n<p>Estamos ante un libro que nos permite disfrutar de la poes\u00eda aplicada a la vida com\u00fan, a los sentimientos promovidos por el flamenco, por la amistad, por las im\u00e1genes y procesiones de Semana Santa\u2026; y todo con una manifiesta humildad, propia de alguien que tuvo a su tierra, a su familia y a su entorno vital, como referente, constante y mirada final.<\/p>\n\n\n\n<p>Rafael Morales fue un profesor vocacional, implicado en la sociedad que le toc\u00f3 vivir, con mentalidad de servicio y manifiesta habilidad para versificar, recitar y transmitir la sensibilidad po\u00e9tica, con agudeza para hacer una cr\u00edtica sobre lo que observaba, y determinaci\u00f3n firme para opinar sobre el mundo y la sociedad que le rodeaba.<\/p>\n\n\n\n<p>.<\/p>\n\n\n\n<figure class=\"wp-block-image size-large\"><img loading=\"lazy\" decoding=\"async\" width=\"1024\" height=\"494\" src=\"https:\/\/librosdelaaxarquia.com\/wp-content\/uploads\/2025\/11\/R.-MORALES_001-4-1024x494.jpg\" alt=\"\" class=\"wp-image-1491\" srcset=\"https:\/\/librosdelaaxarquia.com\/wp-content\/uploads\/2025\/11\/R.-MORALES_001-4-1024x494.jpg 1024w, https:\/\/librosdelaaxarquia.com\/wp-content\/uploads\/2025\/11\/R.-MORALES_001-4-300x145.jpg 300w, https:\/\/librosdelaaxarquia.com\/wp-content\/uploads\/2025\/11\/R.-MORALES_001-4-768x370.jpg 768w, https:\/\/librosdelaaxarquia.com\/wp-content\/uploads\/2025\/11\/R.-MORALES_001-4.jpg 1443w\" sizes=\"auto, (max-width: 1024px) 100vw, 1024px\" \/><\/figure>\n\n\n\n<p>.<\/p>\n\n\n\n<p><\/p>\n","protected":false},"excerpt":{"rendered":"<p>. COLECCI\u00d3N POEMARIOS (N\u00ba 2) ISBN: 978-84-122073-6-1 D. L. MA 1657-2021 N\u00famero de p\u00e1ginas: 162 . Este poemario del profesor Rafael Morales Torres (Loja, 1932 &#8211; V\u00e9lez-M\u00e1laga, 2018) es un homenaje literario que le hacen sus amigos vele\u00f1os, aquellos que compartieron con \u00e9l sus \u00faltimos veinte a\u00f1os de vida. Lleno de sensibilidad Con mirada de [&hellip;]<\/p>\n","protected":false},"author":1,"featured_media":0,"parent":0,"menu_order":0,"comment_status":"closed","ping_status":"closed","template":"","meta":{"footnotes":""},"class_list":["post-1489","page","type-page","status-publish","hentry"],"_links":{"self":[{"href":"https:\/\/librosdelaaxarquia.com\/index.php?rest_route=\/wp\/v2\/pages\/1489","targetHints":{"allow":["GET"]}}],"collection":[{"href":"https:\/\/librosdelaaxarquia.com\/index.php?rest_route=\/wp\/v2\/pages"}],"about":[{"href":"https:\/\/librosdelaaxarquia.com\/index.php?rest_route=\/wp\/v2\/types\/page"}],"author":[{"embeddable":true,"href":"https:\/\/librosdelaaxarquia.com\/index.php?rest_route=\/wp\/v2\/users\/1"}],"replies":[{"embeddable":true,"href":"https:\/\/librosdelaaxarquia.com\/index.php?rest_route=%2Fwp%2Fv2%2Fcomments&post=1489"}],"version-history":[{"count":1,"href":"https:\/\/librosdelaaxarquia.com\/index.php?rest_route=\/wp\/v2\/pages\/1489\/revisions"}],"predecessor-version":[{"id":1492,"href":"https:\/\/librosdelaaxarquia.com\/index.php?rest_route=\/wp\/v2\/pages\/1489\/revisions\/1492"}],"wp:attachment":[{"href":"https:\/\/librosdelaaxarquia.com\/index.php?rest_route=%2Fwp%2Fv2%2Fmedia&parent=1489"}],"curies":[{"name":"wp","href":"https:\/\/api.w.org\/{rel}","templated":true}]}}