{"id":1562,"date":"2025-11-27T18:57:09","date_gmt":"2025-11-27T17:57:09","guid":{"rendered":"https:\/\/librosdelaaxarquia.com\/?page_id=1562"},"modified":"2025-12-06T22:33:01","modified_gmt":"2025-12-06T21:33:01","slug":"palabras-hechas","status":"publish","type":"page","link":"https:\/\/librosdelaaxarquia.com\/?page_id=1562","title":{"rendered":"PALABRAS HECHAS"},"content":{"rendered":"\n<figure class=\"wp-block-image aligncenter size-full is-resized\"><img loading=\"lazy\" decoding=\"async\" width=\"425\" height=\"699\" src=\"https:\/\/librosdelaaxarquia.com\/wp-content\/uploads\/2025\/11\/POEMARIO-JAC_001-2.jpg\" alt=\"\" class=\"wp-image-1563\" style=\"width:374px;height:auto\" srcset=\"https:\/\/librosdelaaxarquia.com\/wp-content\/uploads\/2025\/11\/POEMARIO-JAC_001-2.jpg 425w, https:\/\/librosdelaaxarquia.com\/wp-content\/uploads\/2025\/11\/POEMARIO-JAC_001-2-182x300.jpg 182w\" sizes=\"auto, (max-width: 425px) 100vw, 425px\" \/><\/figure>\n\n\n\n<p>.<\/p>\n\n\n\n<p><strong>AUTOR:<\/strong><a href=\"http:\/\/JES\u00daS ARANDA\"> JES\u00daS ARANDA<\/a><\/p>\n\n\n\n<p>COLECCI\u00d3N <kbd><strong><a href=\"https:\/\/librosdelaaxarquia.com\/?page_id=1399\" data-type=\"page\" data-id=\"1399\"> POEMARIOS<\/a><\/strong><\/kbd><strong><a href=\"http:\/\/POEMARIOS\"> <\/a><\/strong>(N\u00ba 4)<\/p>\n\n\n\n<p>ISBN:  978-84-122073-9-2    D.  L.   MA 1821-2022<\/p>\n\n\n\n<p>N\u00famero de p\u00e1ginas:  154<\/p>\n\n\n\n<div style=\"height:4px\" aria-hidden=\"true\" class=\"wp-block-spacer\"><\/div>\n\n\n\n<p>A lo largo de las p\u00e1ginas de este libro, poemas y textos de las canciones del autor van de la mano y se entrelazan para sacar a la luz las inquietudes, los deseos, las emociones y los sentimientos de este juglar con alma negra, que bebi\u00f3 desde sus inicios en la fuente de la m\u00fasica de ra\u00edces de la poblaci\u00f3n afroamericana y del padre de la poes\u00eda moderna de Estados Unidos, Walt Whitman.<\/p>\n\n\n\n<p>Gran defensor del valor de la palabra como forma de comunicaci\u00f3n individual y colectiva, a trav\u00e9s de su obra defiende el amor como valor universal y destila sus ansias de libertad, de fraternidad, de encuentro y compromiso con la sociedad en la que vive. Sus textos no pretenden ser obras de orfebrer\u00eda ling\u00fc\u00edstica, sino herramientas al servicio de la comprensi\u00f3n y el entendimiento de quienes aspiramos a un mundo mejor.<\/p>\n\n\n\n<p>No tiene reparos a la hora de abrir su alma en canal para expresar aquello que de verdad siente y que desea compartir con todos los que, como \u00e9l, necesitan un alimento espiritual y unas referencias afectivas.<\/p>\n\n\n\n<p>Un CD exclusivo, con canciones grabadas a lo largo de su vida, acompa\u00f1a esta obra.<\/p>\n\n\n\n<div style=\"height:8px\" aria-hidden=\"true\" class=\"wp-block-spacer\"><\/div>\n\n\n\n<p class=\"has-text-align-center\"><strong>ACTO DE PRESENTACI\u00d3N DEL LIBRO<\/strong><\/p>\n\n\n\n<p class=\"has-text-align-center\">(En la Sociedad Recreativa <em>La Pe\u00f1a<\/em>)<\/p>\n\n\n\n<figure class=\"wp-block-embed is-type-video is-provider-youtube wp-block-embed-youtube wp-embed-aspect-16-9 wp-has-aspect-ratio\"><div class=\"wp-block-embed__wrapper\">\n<iframe loading=\"lazy\" title=\"PALABRAS HECHAS\" width=\"500\" height=\"281\" src=\"https:\/\/www.youtube.com\/embed\/AbXK7yAaf4o?feature=oembed\" frameborder=\"0\" allow=\"accelerometer; autoplay; clipboard-write; encrypted-media; gyroscope; picture-in-picture; web-share\" referrerpolicy=\"strict-origin-when-cross-origin\" allowfullscreen><\/iframe>\n<\/div><\/figure>\n\n\n\n<div style=\"height:28px\" aria-hidden=\"true\" class=\"wp-block-spacer\"><\/div>\n\n\n\n<figure class=\"wp-block-image size-large\"><img loading=\"lazy\" decoding=\"async\" width=\"1024\" height=\"494\" src=\"https:\/\/librosdelaaxarquia.com\/wp-content\/uploads\/2025\/11\/Tapa-POEMARIO_001-2-1024x494.jpg\" alt=\"\" class=\"wp-image-1566\" srcset=\"https:\/\/librosdelaaxarquia.com\/wp-content\/uploads\/2025\/11\/Tapa-POEMARIO_001-2-1024x494.jpg 1024w, https:\/\/librosdelaaxarquia.com\/wp-content\/uploads\/2025\/11\/Tapa-POEMARIO_001-2-300x145.jpg 300w, https:\/\/librosdelaaxarquia.com\/wp-content\/uploads\/2025\/11\/Tapa-POEMARIO_001-2-768x371.jpg 768w, https:\/\/librosdelaaxarquia.com\/wp-content\/uploads\/2025\/11\/Tapa-POEMARIO_001-2.jpg 1431w\" sizes=\"auto, (max-width: 1024px) 100vw, 1024px\" \/><\/figure>\n\n\n\n<p>.<\/p>\n\n\n\n<p><\/p>\n","protected":false},"excerpt":{"rendered":"<p>. AUTOR: JES\u00daS ARANDA COLECCI\u00d3N POEMARIOS (N\u00ba 4) ISBN: 978-84-122073-9-2 D. L. MA 1821-2022 N\u00famero de p\u00e1ginas: 154 A lo largo de las p\u00e1ginas de este libro, poemas y textos de las canciones del autor van de la mano y se entrelazan para sacar a la luz las inquietudes, los deseos, las emociones y los [&hellip;]<\/p>\n","protected":false},"author":1,"featured_media":0,"parent":0,"menu_order":0,"comment_status":"closed","ping_status":"closed","template":"","meta":{"footnotes":""},"class_list":["post-1562","page","type-page","status-publish","hentry"],"_links":{"self":[{"href":"https:\/\/librosdelaaxarquia.com\/index.php?rest_route=\/wp\/v2\/pages\/1562","targetHints":{"allow":["GET"]}}],"collection":[{"href":"https:\/\/librosdelaaxarquia.com\/index.php?rest_route=\/wp\/v2\/pages"}],"about":[{"href":"https:\/\/librosdelaaxarquia.com\/index.php?rest_route=\/wp\/v2\/types\/page"}],"author":[{"embeddable":true,"href":"https:\/\/librosdelaaxarquia.com\/index.php?rest_route=\/wp\/v2\/users\/1"}],"replies":[{"embeddable":true,"href":"https:\/\/librosdelaaxarquia.com\/index.php?rest_route=%2Fwp%2Fv2%2Fcomments&post=1562"}],"version-history":[{"count":5,"href":"https:\/\/librosdelaaxarquia.com\/index.php?rest_route=\/wp\/v2\/pages\/1562\/revisions"}],"predecessor-version":[{"id":2246,"href":"https:\/\/librosdelaaxarquia.com\/index.php?rest_route=\/wp\/v2\/pages\/1562\/revisions\/2246"}],"wp:attachment":[{"href":"https:\/\/librosdelaaxarquia.com\/index.php?rest_route=%2Fwp%2Fv2%2Fmedia&parent=1562"}],"curies":[{"name":"wp","href":"https:\/\/api.w.org\/{rel}","templated":true}]}}