{"id":353,"date":"2025-11-03T21:24:39","date_gmt":"2025-11-03T20:24:39","guid":{"rendered":"https:\/\/librosdelaaxarquia.com\/?page_id=353"},"modified":"2025-12-02T22:24:22","modified_gmt":"2025-12-02T21:24:22","slug":"antonio-manuel-pena-mendez","status":"publish","type":"page","link":"https:\/\/librosdelaaxarquia.com\/?page_id=353","title":{"rendered":"ANTONIO MANUEL PE\u00d1A M\u00c9NDEZ"},"content":{"rendered":"\n<figure class=\"wp-block-image aligncenter size-full is-resized\"><img loading=\"lazy\" decoding=\"async\" width=\"680\" height=\"783\" src=\"https:\/\/librosdelaaxarquia.com\/wp-content\/uploads\/2025\/11\/A.M.Pena_.jpg\" alt=\"\" class=\"wp-image-1830\" style=\"width:406px;height:auto\" srcset=\"https:\/\/librosdelaaxarquia.com\/wp-content\/uploads\/2025\/11\/A.M.Pena_.jpg 680w, https:\/\/librosdelaaxarquia.com\/wp-content\/uploads\/2025\/11\/A.M.Pena_-261x300.jpg 261w\" sizes=\"auto, (max-width: 680px) 100vw, 680px\" \/><\/figure>\n\n\n\n<div style=\"height:24px\" aria-hidden=\"true\" class=\"wp-block-spacer\"><\/div>\n\n\n\n<p><strong>ANTONIO MANUEL PE\u00d1A M\u00c9NDEZ<\/strong> (V\u00e9lez-M\u00e1laga, 1969)<\/p>\n\n\n\n<p>Libro:<strong> <em><a href=\"https:\/\/librosdelaaxarquia.com\/?page_id=825\" data-type=\"page\" data-id=\"825\">Iglesias mud\u00e9jares en la Axarqu\u00eda<\/a>.<\/em> <\/strong><\/p>\n\n\n\n<p>Colecci\u00f3n<strong> <a href=\"https:\/\/librosdelaaxarquia.com\/?page_id=53\" data-type=\"page\" data-id=\"53\">PATRIMONIO.<\/a><\/strong><\/p>\n\n\n\n<p><\/p>\n\n\n\n<p><strong>ISBN: <\/strong>978-84-944870-1-9<strong>&nbsp; D.L. MA&nbsp; <\/strong>307-2016<\/p>\n\n\n\n<p><\/p>\n\n\n\n<div style=\"height:25px\" aria-hidden=\"true\" class=\"wp-block-spacer\"><\/div>\n\n\n\n<p>Antonio Manuel Pe\u00f1a M\u00e9ndez nace en 1969 en el seno de una familia de larga tradici\u00f3n vele\u00f1a. Desde muy joven ha desarrollado un car\u00e1cter y esp\u00edritu emprendedor, colaborador, participativo y cr\u00edtico, embarc\u00e1ndose permanentemente en la mejora y desarrollo de su ciudad, siguiendo uno de los principios del escultismo, \u201c<em>dejar este mundo algo mejor que lo encontramos<\/em>\u201d.<\/p>\n\n\n\n<p>La historia en general y el conocimiento del pasado de V\u00e9lez-M\u00e1laga en particular, han sido su pasi\u00f3n desde ni\u00f1o y, aunque fue tentado hacia la agronom\u00eda, el apego a su pueblo y el magnetismo del pasado, le alejaron de la tem\u00e1tica agr\u00edcola para quedarse en la Universidad de M\u00e1laga, donde se licenci\u00f3, en 1992, en Filosof\u00eda y Letras, en la Especialidad de Geograf\u00eda e Historia y por eso hoy es profesor. Como docente, cofrade, scout, miembro de la Sociedad de Amigos de la Cultura, y colaborando con el Ayuntamiento de V\u00e9lez-M\u00e1laga, siempre se ha implicado en multitud de acciones para difundir, proteger, valorar, investigar o recuperar la historia, el patrimonio y las tradiciones de su tierra<\/p>\n\n\n\n<figure class=\"wp-block-image size-large\"><img loading=\"lazy\" decoding=\"async\" width=\"1024\" height=\"485\" src=\"https:\/\/librosdelaaxarquia.com\/wp-content\/uploads\/2025\/11\/Cubierta-final-PDF_001-1024x485.jpg\" alt=\"\" class=\"wp-image-355\" srcset=\"https:\/\/librosdelaaxarquia.com\/wp-content\/uploads\/2025\/11\/Cubierta-final-PDF_001-1024x485.jpg 1024w, https:\/\/librosdelaaxarquia.com\/wp-content\/uploads\/2025\/11\/Cubierta-final-PDF_001-300x142.jpg 300w, https:\/\/librosdelaaxarquia.com\/wp-content\/uploads\/2025\/11\/Cubierta-final-PDF_001-768x364.jpg 768w, https:\/\/librosdelaaxarquia.com\/wp-content\/uploads\/2025\/11\/Cubierta-final-PDF_001.jpg 1451w\" sizes=\"auto, (max-width: 1024px) 100vw, 1024px\" \/><\/figure>\n\n\n\n<p>Este libro tuvo su origen en una peque\u00f1a investigaci\u00f3n para el <em>Libro Gui\u00f3n<\/em> de la Semana Santa de V\u00e9lez-M\u00e1laga sobre la parroquia de San Juan Bautista. Poco a poco se fue complicando al tirar del hilo de los documentos, primero para abarcar a un templo cofrade, y, m\u00e1s tarde, la historia de esta importante iglesia vele\u00f1a. Pero el volumen de lo investigado llev\u00f3 finalmente al autor a plantear una visi\u00f3n m\u00e1s amplia y comarcal, encajando la construcci\u00f3n del edificio parroquial de San Juan en el contexto general de la Axarqu\u00eda, durante la primera centuria desde la incorporaci\u00f3n de todo este territorio malague\u00f1o a la corona castellana.<\/p>\n\n\n\n<p>Desde que en 1487 los Reyes Cat\u00f3licos conquistaron V\u00e9lez-M\u00e1laga y, tras ella, su comarca circundante, esta zona del oriente malague\u00f1o, la Axarqu\u00eda, y sus gentes, debieron adaptarse, progresivamente, al nuevo orden pol\u00edtico castellano, a la nueva religi\u00f3n imperante y a los nuevos condicionantes econ\u00f3micos, sociales o culturales que se abr\u00edan en el inicio de la Edad Moderna, tras el final del estado nazar\u00ed granadino. En este panorama, la implantaci\u00f3n de la fe cat\u00f3lica como base de los nuevos tiempos tanto en lo religioso como en lo cultural y pol\u00edtico en aquella Axarqu\u00eda poblada de moriscos y dominada por los vele\u00f1os cristianos viejos, promovi\u00f3 la fundaci\u00f3n de las parroquias, la adaptaci\u00f3n de las mezquitas y la construcci\u00f3n de los templos dentro del panorama art\u00edstico del final del g\u00f3tico y los albores del renacimiento, impregnados plenamente de lo mud\u00e9jar.<\/p>\n\n\n\n<p><\/p>\n","protected":false},"excerpt":{"rendered":"<p>ANTONIO MANUEL PE\u00d1A M\u00c9NDEZ (V\u00e9lez-M\u00e1laga, 1969) Libro: Iglesias mud\u00e9jares en la Axarqu\u00eda. Colecci\u00f3n PATRIMONIO. ISBN: 978-84-944870-1-9&nbsp; D.L. MA&nbsp; 307-2016 Antonio Manuel Pe\u00f1a M\u00e9ndez nace en 1969 en el seno de una familia de larga tradici\u00f3n vele\u00f1a. Desde muy joven ha desarrollado un car\u00e1cter y esp\u00edritu emprendedor, colaborador, participativo y cr\u00edtico, embarc\u00e1ndose permanentemente en la mejora [&hellip;]<\/p>\n","protected":false},"author":1,"featured_media":0,"parent":0,"menu_order":0,"comment_status":"closed","ping_status":"closed","template":"","meta":{"footnotes":""},"class_list":["post-353","page","type-page","status-publish","hentry"],"_links":{"self":[{"href":"https:\/\/librosdelaaxarquia.com\/index.php?rest_route=\/wp\/v2\/pages\/353","targetHints":{"allow":["GET"]}}],"collection":[{"href":"https:\/\/librosdelaaxarquia.com\/index.php?rest_route=\/wp\/v2\/pages"}],"about":[{"href":"https:\/\/librosdelaaxarquia.com\/index.php?rest_route=\/wp\/v2\/types\/page"}],"author":[{"embeddable":true,"href":"https:\/\/librosdelaaxarquia.com\/index.php?rest_route=\/wp\/v2\/users\/1"}],"replies":[{"embeddable":true,"href":"https:\/\/librosdelaaxarquia.com\/index.php?rest_route=%2Fwp%2Fv2%2Fcomments&post=353"}],"version-history":[{"count":5,"href":"https:\/\/librosdelaaxarquia.com\/index.php?rest_route=\/wp\/v2\/pages\/353\/revisions"}],"predecessor-version":[{"id":1970,"href":"https:\/\/librosdelaaxarquia.com\/index.php?rest_route=\/wp\/v2\/pages\/353\/revisions\/1970"}],"wp:attachment":[{"href":"https:\/\/librosdelaaxarquia.com\/index.php?rest_route=%2Fwp%2Fv2%2Fmedia&parent=353"}],"curies":[{"name":"wp","href":"https:\/\/api.w.org\/{rel}","templated":true}]}}