{"id":386,"date":"2025-11-04T09:21:11","date_gmt":"2025-11-04T08:21:11","guid":{"rendered":"https:\/\/librosdelaaxarquia.com\/?page_id=386"},"modified":"2025-11-29T20:37:46","modified_gmt":"2025-11-29T19:37:46","slug":"jose-antonio-dominguez","status":"publish","type":"page","link":"https:\/\/librosdelaaxarquia.com\/?page_id=386","title":{"rendered":"JOS\u00c9 ANTONIO P\u00c9REZ DOM\u00cdNGUEZ"},"content":{"rendered":"\n<figure class=\"wp-block-image aligncenter size-large is-resized\"><img loading=\"lazy\" decoding=\"async\" width=\"684\" height=\"1024\" src=\"https:\/\/librosdelaaxarquia.com\/wp-content\/uploads\/2025\/11\/Foto-autor-2-684x1024.jpg\" alt=\"\" class=\"wp-image-1732\" style=\"width:413px;height:auto\" srcset=\"https:\/\/librosdelaaxarquia.com\/wp-content\/uploads\/2025\/11\/Foto-autor-2-684x1024.jpg 684w, https:\/\/librosdelaaxarquia.com\/wp-content\/uploads\/2025\/11\/Foto-autor-2-200x300.jpg 200w, https:\/\/librosdelaaxarquia.com\/wp-content\/uploads\/2025\/11\/Foto-autor-2-768x1150.jpg 768w, https:\/\/librosdelaaxarquia.com\/wp-content\/uploads\/2025\/11\/Foto-autor-2-1026x1536.jpg 1026w, https:\/\/librosdelaaxarquia.com\/wp-content\/uploads\/2025\/11\/Foto-autor-2-1368x2048.jpg 1368w, https:\/\/librosdelaaxarquia.com\/wp-content\/uploads\/2025\/11\/Foto-autor-2-scaled.jpg 1710w\" sizes=\"auto, (max-width: 684px) 100vw, 684px\" \/><\/figure>\n\n\n\n<div style=\"height:37px\" aria-hidden=\"true\" class=\"wp-block-spacer\"><\/div>\n\n\n\n<p><strong>JOS\u00c9 ANTONIO P\u00c9REZ DOM\u00cdNGUEZ <\/strong>&nbsp;&nbsp;(V\u00e9lez-M\u00e1laga) <\/p>\n\n\n\n<p>LIBRO: <strong><em><a href=\"https:\/\/librosdelaaxarquia.com\/?page_id=1719\" data-type=\"page\" data-id=\"1719\">LA VIRTUD DORMIDA<\/a><\/em><\/strong>.\u00a0<\/p>\n\n\n\n<p>Colecci\u00f3n<strong>&nbsp;<a href=\"https:\/\/librosdelaaxarquia.com\/?page_id=1387\" data-type=\"page\" data-id=\"1387\">PROSA CREATIVA<\/a><\/strong><\/p>\n\n\n\n<p>Portada e ilustraciones de Beatriz P\u00e9rez Doncel.<\/p>\n\n\n\n<p><strong>ISBN:<\/strong> 978-84-129804-5-5&nbsp;&nbsp;&nbsp;&nbsp; <strong>D.L. <\/strong>MA 908-20252<\/p>\n\n\n\n<p>Jos\u00e9 Antonio P\u00e9rez Dom\u00ednguez es natural y residente en V\u00e9lez-M\u00e1laga (M\u00e1laga). Estudi\u00f3 bachillerato en el Instituto Reyes Cat\u00f3licos y oficial\u00eda industrial en el Instituto Juan de la Cierva, adem\u00e1s de contabilidad en centros privados. Casado y con tres hijos, su vida laboral ha estado dedicada durante 39 a\u00f1os al sector financiero. Aficionado a la lectura y a la escritura, public\u00f3 en el a\u00f1o 2015 la novela <em>El llanto sordo <\/em>y en 2020 su segunda novela <em>Barro en los zapatos. &nbsp;<\/em><\/p>\n\n\n\n<p><a><\/a>En los \u00faltimos a\u00f1os, ha escrito un buen n\u00famero de relatos cortos, algunos de los cuales han participado en diferentes concursos celebrados por diversos lugares de Espa\u00f1a. Recibi\u00f3 la Viola de Oro y Plata en el I Concurso Internacional de Creaci\u00f3n Literaria convocado por la Fundaci\u00f3n Antonio Segovia Lobillo; segundo premio y menci\u00f3n especial del jurado en el convocado por la asociaci\u00f3n Made in M\u00e1laga; menci\u00f3n especial del jurado en el concurso convocado por la Diputaci\u00f3n Provincial de Huesca sobre despoblaci\u00f3n; obra destacada en el organizado por la Fundaci\u00f3n Escritura de Madrid, cuyo tema era Historias de Familia, y segundo premio en el convocado por Ediciones Embrujo sobre Amaneceres.<\/p>\n\n\n\n<div style=\"height:6px\" aria-hidden=\"true\" class=\"wp-block-spacer\"><\/div>\n\n\n\n<figure class=\"wp-block-image size-large\"><img loading=\"lazy\" decoding=\"async\" width=\"1024\" height=\"498\" src=\"https:\/\/librosdelaaxarquia.com\/wp-content\/uploads\/2025\/11\/CUBIERTA_001-1024x498.jpg\" alt=\"\" class=\"wp-image-387\" srcset=\"https:\/\/librosdelaaxarquia.com\/wp-content\/uploads\/2025\/11\/CUBIERTA_001-1024x498.jpg 1024w, https:\/\/librosdelaaxarquia.com\/wp-content\/uploads\/2025\/11\/CUBIERTA_001-300x146.jpg 300w, https:\/\/librosdelaaxarquia.com\/wp-content\/uploads\/2025\/11\/CUBIERTA_001-768x373.jpg 768w, https:\/\/librosdelaaxarquia.com\/wp-content\/uploads\/2025\/11\/CUBIERTA_001.jpg 1420w\" sizes=\"auto, (max-width: 1024px) 100vw, 1024px\" \/><\/figure>\n\n\n\n<div style=\"height:4px\" aria-hidden=\"true\" class=\"wp-block-spacer\"><\/div>\n\n\n\n<p>Suele decirse que leer es vivir la vida de otras personas, meterse bajo su piel, conmoverse con experiencias ajenas o, incluso, visitar lugares en los que quiz\u00e1s no hayamos estado nunca.<\/p>\n\n\n\n<p>Aplicando esa teor\u00eda al libro que nos ocupa, podr\u00edamos afirmar que a trav\u00e9s de sus p\u00e1ginas viviremos la vida de diferentes personajes, compartiremos sus emociones, sufriremos con las desgracias de unos y disfrutaremos de la felicidad de otros. Eso se debe a que este libro lo componen veinte relatos cortos que ofrecen al lector historias distintas con protagonistas diversos y situaciones de variado enfoque. Dentro de estas p\u00e1ginas encontrar\u00e1 el lector emotividad, amor, dulzura, drama, tristeza, alegr\u00eda\u2026 Incluso podremos ser testigos del esfuerzo, la determinaci\u00f3n o el sacrificio de h\u00e9roes an\u00f3nimos.<\/p>\n\n\n\n<p>Dentro de la diversidad, el titulo refleja un matiz com\u00fan del comporta-miento humano que puede surgir cuando algo lo activa. De ah\u00ed lo de <em>La virtud dormida<\/em>.<\/p>\n\n\n\n<p>Tambi\u00e9n incluye el libro un microrrelato con el que el autor particip\u00f3 en una convocatoria realizada por el Club de Escritura Fuentetaja de Madrid, que ten\u00eda por objeto definir las palabras. Al considerar que la palabra es la base de toda actividad literaria, ha cre\u00eddo conveniente que sus breves p\u00e1rrafos encabecen el contenido de esta obra.<\/p>\n\n\n\n<p><\/p>\n\n\n\n<p class=\"has-text-align-center\"><strong>ACTO DE PRESENTACI\u00d3N DEL LIBRO<\/strong><\/p>\n\n\n\n<figure class=\"wp-block-embed is-type-video is-provider-youtube wp-block-embed-youtube wp-embed-aspect-16-9 wp-has-aspect-ratio\"><div class=\"wp-block-embed__wrapper\">\n<iframe loading=\"lazy\" title=\"VIRTUD DORMIDA\" width=\"500\" height=\"281\" src=\"https:\/\/www.youtube.com\/embed\/nPXLR9zukxI?feature=oembed\" frameborder=\"0\" allow=\"accelerometer; autoplay; clipboard-write; encrypted-media; gyroscope; picture-in-picture; web-share\" referrerpolicy=\"strict-origin-when-cross-origin\" allowfullscreen><\/iframe>\n<\/div><\/figure>\n","protected":false},"excerpt":{"rendered":"<p>JOS\u00c9 ANTONIO P\u00c9REZ DOM\u00cdNGUEZ &nbsp;&nbsp;(V\u00e9lez-M\u00e1laga) LIBRO: LA VIRTUD DORMIDA.\u00a0 Colecci\u00f3n&nbsp;PROSA CREATIVA Portada e ilustraciones de Beatriz P\u00e9rez Doncel. ISBN: 978-84-129804-5-5&nbsp;&nbsp;&nbsp;&nbsp; D.L. MA 908-20252 Jos\u00e9 Antonio P\u00e9rez Dom\u00ednguez es natural y residente en V\u00e9lez-M\u00e1laga (M\u00e1laga). Estudi\u00f3 bachillerato en el Instituto Reyes Cat\u00f3licos y oficial\u00eda industrial en el Instituto Juan de la Cierva, adem\u00e1s de contabilidad en [&hellip;]<\/p>\n","protected":false},"author":1,"featured_media":0,"parent":0,"menu_order":0,"comment_status":"closed","ping_status":"closed","template":"","meta":{"footnotes":""},"class_list":["post-386","page","type-page","status-publish","hentry"],"_links":{"self":[{"href":"https:\/\/librosdelaaxarquia.com\/index.php?rest_route=\/wp\/v2\/pages\/386","targetHints":{"allow":["GET"]}}],"collection":[{"href":"https:\/\/librosdelaaxarquia.com\/index.php?rest_route=\/wp\/v2\/pages"}],"about":[{"href":"https:\/\/librosdelaaxarquia.com\/index.php?rest_route=\/wp\/v2\/types\/page"}],"author":[{"embeddable":true,"href":"https:\/\/librosdelaaxarquia.com\/index.php?rest_route=\/wp\/v2\/users\/1"}],"replies":[{"embeddable":true,"href":"https:\/\/librosdelaaxarquia.com\/index.php?rest_route=%2Fwp%2Fv2%2Fcomments&post=386"}],"version-history":[{"count":5,"href":"https:\/\/librosdelaaxarquia.com\/index.php?rest_route=\/wp\/v2\/pages\/386\/revisions"}],"predecessor-version":[{"id":1776,"href":"https:\/\/librosdelaaxarquia.com\/index.php?rest_route=\/wp\/v2\/pages\/386\/revisions\/1776"}],"wp:attachment":[{"href":"https:\/\/librosdelaaxarquia.com\/index.php?rest_route=%2Fwp%2Fv2%2Fmedia&parent=386"}],"curies":[{"name":"wp","href":"https:\/\/api.w.org\/{rel}","templated":true}]}}