{"id":390,"date":"2025-11-04T09:41:47","date_gmt":"2025-11-04T08:41:47","guid":{"rendered":"https:\/\/librosdelaaxarquia.com\/?page_id=390"},"modified":"2025-12-02T22:25:59","modified_gmt":"2025-12-02T21:25:59","slug":"jesus-moreno-gomez","status":"publish","type":"page","link":"https:\/\/librosdelaaxarquia.com\/?page_id=390","title":{"rendered":"JES\u00daS MORENO G\u00d3MEZ"},"content":{"rendered":"\n<figure class=\"wp-block-image aligncenter size-large is-resized\"><img loading=\"lazy\" decoding=\"async\" width=\"827\" height=\"1024\" src=\"https:\/\/librosdelaaxarquia.com\/wp-content\/uploads\/2025\/11\/Jesus-Gonzalez-827x1024.jpg\" alt=\"\" class=\"wp-image-1836\" style=\"width:421px;height:auto\" srcset=\"https:\/\/librosdelaaxarquia.com\/wp-content\/uploads\/2025\/11\/Jesus-Gonzalez-827x1024.jpg 827w, https:\/\/librosdelaaxarquia.com\/wp-content\/uploads\/2025\/11\/Jesus-Gonzalez-242x300.jpg 242w, https:\/\/librosdelaaxarquia.com\/wp-content\/uploads\/2025\/11\/Jesus-Gonzalez-768x951.jpg 768w, https:\/\/librosdelaaxarquia.com\/wp-content\/uploads\/2025\/11\/Jesus-Gonzalez-1240x1536.jpg 1240w, https:\/\/librosdelaaxarquia.com\/wp-content\/uploads\/2025\/11\/Jesus-Gonzalez.jpg 1306w\" sizes=\"auto, (max-width: 827px) 100vw, 827px\" \/><\/figure>\n\n\n\n<div style=\"height:56px\" aria-hidden=\"true\" class=\"wp-block-spacer\"><\/div>\n\n\n\n<p><strong>JES\u00daS MORENO G\u00d3MEZ<\/strong>&nbsp;&nbsp;(Calzada de Calatrava)<\/p>\n\n\n\n<p>Libro:<strong>\u00a0<\/strong><a href=\"https:\/\/librosdelaaxarquia.com\/?page_id=940\" data-type=\"page\" data-id=\"940\"><strong>De las indias al<\/strong> <strong>Mediterr\u00e1neo. La batata en la Axarqu\u00eda. Primicia del Nuevo Mundo<\/strong>.<\/a>\u00a0 Colecci\u00f3n\u00a0\u00a0<strong><a href=\"https:\/\/librosdelaaxarquia.com\/?page_id=70\" data-type=\"page\" data-id=\"70\">Monograf\u00edas<\/a>.<\/strong><\/p>\n\n\n\n<p>Portada e ilustraciones de ANTONIO SALGUERO.<\/p>\n\n\n\n<p><strong>ISBN:<\/strong>&nbsp;978-84-944870-6-4&nbsp;&nbsp;&nbsp;&nbsp;&nbsp;<strong>D.L.&nbsp;<\/strong>MA 1471-2017<\/p>\n\n\n\n<p>Jes\u00fas Moreno G\u00f3mez (Calzada de Calatrava, 1944), Maestro, Licenciado en Historia por la Universidad de Zaragoza, Catedr\u00e1tico de Bachillerato, Experto en Gastronom\u00eda &nbsp;y Doctor por UMA. Entre sus libros figuran: &nbsp;<em>Malague\u00f1os en Am\u00e9rica: del orto al ocaso<\/em> (1992), <em>Morir en las ant\u00edpodas: el malague\u00f1o Ruy L\u00f3pez de Villalobos, capit\u00e1n de la expedici\u00f3n a la Isla de Poniente (1542-1540)<\/em>. En 1992 hizo su particular Descubrimiento de Am\u00e9rica, cinco siglos despu\u00e9s de Col\u00f3n y desde ese momento orienta sus investigaciones hacia el americanismo. En numerosos congresos internacionales de Historia de Am\u00e9rica&nbsp; presenta y se publican sus ponencias. Pertenece a la Asociaci\u00f3n Espa\u00f1ola de Americanistas (AEA) a la \u00abHesp\u00e9rides\u00bb T\u00edtulos de algunas ponencias: <em>El fracaso de la expedici\u00f3n de Ruy L\u00f3pez de Villalobos y su controversia con los portugueses <\/em>(AEA, Granada, 1992); <em>El Oydor de Panam\u00e1 D. Diego de Villanueva Zapata y sus mandas testamentarias para M\u00e1laga (?-1606)<\/em> (\u00abHesp\u00e9rides\u00bb, 1994; <em>El tratado de Tordesillas, una l\u00ednea escrita sobre el mar. <\/em>\u00abHesp\u00e9rides\u00bb, Anuario II, 1994; <em>El Tratado de Zaragoza (1529) visto desde Maluco. <\/em>AEA, 1996; <em>La cuesti\u00f3n de Maluco en las Cortes castellanas. <\/em>&nbsp;II Congreso Intern. Hispanistas, Ed. Algazara, 1996. Baeza; <em>El perfil sociol\u00f3gico y mentalidad del conquistador en Indias.<\/em> Hesp\u00e9rides, Anuario V, 1997; <em>Un malague\u00f1o y un navarro en las Molucas: Ruy L\u00f3pez de Villalobos y S. Francisco Javier.<\/em> Diario SUR (8-XII-2006).<\/p>\n\n\n\n<p>La motivaci\u00f3n por la cultura alimentaria y la revoluci\u00f3n ecol\u00f3gica tras el Descubrimiento, &nbsp;van a converger en una nueva l\u00ednea de indagaci\u00f3n hist\u00f3rica, lo que se traducir\u00e1 en direcci\u00f3n de cursos, ponente en simposios, conferencias, \u2026: <em>Alimentaci\u00f3n, cocina y gastronom\u00eda en el Patrimonio cultural andaluz<\/em> (CEP-M\u00e1laga,2001); Cursos de Verano de la FGUMA y la UNIA y publicaciones relacionadas con los productos americanos y la dieta mediterr\u00e1nea: <em>Preg\u00f3n del gazpacho<\/em> (Rectorado de M\u00e1laga. XXX Aniversario A.G.M.; D.L. MA-1944-2008); <em>Gastronom\u00eda malague\u00f1a: ra\u00edces y aromas <\/em>&nbsp;(Ronda, 2004); <em>La Axarqu\u00eda: tr\u00f3pico, lagares y &nbsp;despensa<\/em> (FGUMA, V\u00e9lez-M\u00e1laga, 2008); <em>El fecundo di\u00e1logo ente el vino y el arte <\/em>(UNIA, 2009); <em>Cultura alimentaria. Epistemolog\u00eda para una nueva cultura de la alimentaci\u00f3n<\/em>; <em>El proceso de reconocimiento de la alimentaci\u00f3n, cocina y gastronom\u00eda como patrimonio cultural.<\/em> (UNIA, 2009)\u2026 Este quehacer investigador culmina en la defensa de la Tesis Doctoral: <em>La naturaleza alimentaria de Indias en la Pl\u00e1stica de la Edad Moderna<\/em> (UMA-2016. Dpto. de Historia del Arte)<\/p>\n\n\n\n<figure class=\"wp-block-image size-large\"><img loading=\"lazy\" decoding=\"async\" width=\"1024\" height=\"480\" src=\"https:\/\/librosdelaaxarquia.com\/wp-content\/uploads\/2025\/11\/129579_MUESTRA_DIGITAL_TAPA_001_001-1024x480.jpg\" alt=\"\" class=\"wp-image-391\" srcset=\"https:\/\/librosdelaaxarquia.com\/wp-content\/uploads\/2025\/11\/129579_MUESTRA_DIGITAL_TAPA_001_001-1024x480.jpg 1024w, https:\/\/librosdelaaxarquia.com\/wp-content\/uploads\/2025\/11\/129579_MUESTRA_DIGITAL_TAPA_001_001-300x141.jpg 300w, https:\/\/librosdelaaxarquia.com\/wp-content\/uploads\/2025\/11\/129579_MUESTRA_DIGITAL_TAPA_001_001-768x360.jpg 768w, https:\/\/librosdelaaxarquia.com\/wp-content\/uploads\/2025\/11\/129579_MUESTRA_DIGITAL_TAPA_001_001.jpg 1428w\" sizes=\"auto, (max-width: 1024px) 100vw, 1024px\" \/><\/figure>\n\n\n\n<p>Tras de descubrimiento de las Indias, con el intercambio de productos entre el Viejo y el Nuevo Mundo se inicia la m\u00e1s grande revoluci\u00f3n ecol\u00f3gica de la Historia. Entre los primeros frutos que llegan se halla la batata, la que ya porta Col\u00f3n en su primer tornaviaje (1493) procedente de Hait\u00ed (La Espa\u00f1ola).<\/p>\n\n\n\n<p>Este humilde tub\u00e9rculo encuentra su h\u00e1bitat de aclimataci\u00f3n y primicia de su consumo en M\u00e1laga, V\u00e9lez-M\u00e1laga y la Axarqu\u00eda en un tiempo record, a poco m\u00e1s de medio siglo de que viniera a la Pen\u00ednsula por Sevilla, destino obligado de la <em>carrera de Indias<\/em>. La batata es el primer producto de origen americano de cultivo sistem\u00e1tico, orientado al mercado y la exportaci\u00f3n desde esta tierra del oriente malague\u00f1o.<\/p>\n\n\n\n<p>El libro que ahora ofrecemos es fruto de la investigaci\u00f3n llevada a cabo por el autor en pos de la Tesis Doctoral, <em>La Naturaleza alimentaria de Indias en la Pl\u00e1stica de la Edad Moderna<\/em>. Aqu\u00ed se aborda el estudio de los cronistas, naturalistas, m\u00e9dicos, ling\u00fcistas, literatos, viajeros, libros de cocina, su demanda en la Villa y Corte, presencia en la mesa de Palacio; as\u00ed como la documentaci\u00f3n de archivos hist\u00f3ricos&nbsp; de Sevilla, y en particular los Municipales de M\u00e1laga y V\u00e9lez-M\u00e1laga, y al fin, su proyecci\u00f3n en el arte: el exclusivo bodeg\u00f3n (1607) de Caravaggio o su escuela. As\u00ed, lector amigo, te invito a que te introduzcas en sus p\u00e1ginas, en las que hallar\u00e1s aspectos sorprendentes como el de su propio nombre \u2013durante m\u00e1s de doscientos a\u00f1os <em>patata<\/em>, y las causas de su cambio denominativo\u2013 o las primigenias recetas de su secular elaboraci\u00f3n en la cocina tradicional. Y en todo caso, aqu\u00ed encontrar\u00e1s la m\u00e1s cumplida investigaci\u00f3n acerca de tan modesta ra\u00edz, que a tantas generaciones ha alimentado, dentro y fuera del \u00e1mbito inmediato, que tanta hambre ha mitigado y que tanta gloria ha dado a la Axarqu\u00eda y V\u00e9lez-M\u00e1laga, constituidas ya y para siempre, en capital hist\u00f3rica de la batata. &nbsp;<\/p>\n\n\n\n<div class=\"wp-block-buttons is-layout-flex wp-block-buttons-is-layout-flex\">\n<div class=\"wp-block-button\"><a class=\"wp-block-button__link wp-element-button\" href=\"https:\/\/youtu.be\/TBhgkG02voQ\">SPOT DE TELEVISI\u00d3N <\/a><\/div>\n<\/div>\n","protected":false},"excerpt":{"rendered":"<p>JES\u00daS MORENO G\u00d3MEZ&nbsp;&nbsp;(Calzada de Calatrava) Libro:\u00a0De las indias al Mediterr\u00e1neo. La batata en la Axarqu\u00eda. Primicia del Nuevo Mundo.\u00a0 Colecci\u00f3n\u00a0\u00a0Monograf\u00edas. Portada e ilustraciones de ANTONIO SALGUERO. ISBN:&nbsp;978-84-944870-6-4&nbsp;&nbsp;&nbsp;&nbsp;&nbsp;D.L.&nbsp;MA 1471-2017 Jes\u00fas Moreno G\u00f3mez (Calzada de Calatrava, 1944), Maestro, Licenciado en Historia por la Universidad de Zaragoza, Catedr\u00e1tico de Bachillerato, Experto en Gastronom\u00eda &nbsp;y Doctor por UMA. Entre [&hellip;]<\/p>\n","protected":false},"author":1,"featured_media":0,"parent":0,"menu_order":0,"comment_status":"closed","ping_status":"closed","template":"","meta":{"footnotes":""},"class_list":["post-390","page","type-page","status-publish","hentry"],"_links":{"self":[{"href":"https:\/\/librosdelaaxarquia.com\/index.php?rest_route=\/wp\/v2\/pages\/390","targetHints":{"allow":["GET"]}}],"collection":[{"href":"https:\/\/librosdelaaxarquia.com\/index.php?rest_route=\/wp\/v2\/pages"}],"about":[{"href":"https:\/\/librosdelaaxarquia.com\/index.php?rest_route=\/wp\/v2\/types\/page"}],"author":[{"embeddable":true,"href":"https:\/\/librosdelaaxarquia.com\/index.php?rest_route=\/wp\/v2\/users\/1"}],"replies":[{"embeddable":true,"href":"https:\/\/librosdelaaxarquia.com\/index.php?rest_route=%2Fwp%2Fv2%2Fcomments&post=390"}],"version-history":[{"count":5,"href":"https:\/\/librosdelaaxarquia.com\/index.php?rest_route=\/wp\/v2\/pages\/390\/revisions"}],"predecessor-version":[{"id":1971,"href":"https:\/\/librosdelaaxarquia.com\/index.php?rest_route=\/wp\/v2\/pages\/390\/revisions\/1971"}],"wp:attachment":[{"href":"https:\/\/librosdelaaxarquia.com\/index.php?rest_route=%2Fwp%2Fv2%2Fmedia&parent=390"}],"curies":[{"name":"wp","href":"https:\/\/api.w.org\/{rel}","templated":true}]}}