{"id":395,"date":"2025-11-04T10:12:40","date_gmt":"2025-11-04T09:12:40","guid":{"rendered":"https:\/\/librosdelaaxarquia.com\/?page_id=395"},"modified":"2025-12-06T22:28:30","modified_gmt":"2025-12-06T21:28:30","slug":"jesus-aranda","status":"publish","type":"page","link":"https:\/\/librosdelaaxarquia.com\/?page_id=395","title":{"rendered":"JES\u00daS ARANDA"},"content":{"rendered":"\n<div class=\"wp-block-group is-nowrap is-layout-flex wp-container-core-group-is-layout-6c531013 wp-block-group-is-layout-flex\">\n<figure class=\"wp-block-image size-full is-resized\"><a href=\"https:\/\/librosdelaaxarquia.com\/?page_id=1562\"><img loading=\"lazy\" decoding=\"async\" width=\"120\" height=\"191\" src=\"https:\/\/librosdelaaxarquia.com\/wp-content\/uploads\/2025\/11\/652083_IMAGEN_TAPA_P_001-1.jpg\" alt=\"\" class=\"wp-image-405\" style=\"width:261px;height:auto\"\/><\/a><\/figure>\n\n\n\n<figure class=\"wp-block-image size-full is-resized\"><a href=\"https:\/\/librosdelaaxarquia.com\/?page_id=1595\"><img loading=\"lazy\" decoding=\"async\" width=\"120\" height=\"191\" src=\"https:\/\/librosdelaaxarquia.com\/wp-content\/uploads\/2025\/11\/A-2-1.jpg\" alt=\"\" class=\"wp-image-406\" style=\"width:263px;height:auto\"\/><\/a><\/figure>\n<\/div>\n\n\n\n<div style=\"height:12px\" aria-hidden=\"true\" class=\"wp-block-spacer\"><\/div>\n\n\n\n<p>Libro:  <strong><a href=\"http:\/\/PALABRAS HECHAS\"><\/a><em><a href=\"https:\/\/librosdelaaxarquia.com\/?page_id=1562\" data-type=\"page\" data-id=\"1562\">Palabras hechas<\/a><\/em><\/strong><\/p>\n\n\n\n<p>COLECCI\u00d3N<strong><a href=\"http:\/\/POEMARIOS\">&nbsp;<\/a><a href=\"https:\/\/librosdelaaxarquia.com\/?page_id=1399\" data-type=\"page\" data-id=\"1399\">POEMARIOS&nbsp;<\/a><\/strong>(N\u00ba 4)<\/p>\n\n\n\n<p>ISBN: 978-84-122073-9-2 <strong>D. L. MA<\/strong> 1821-2022<\/p>\n\n\n\n<p>N\u00famero de p\u00e1ginas: 154<\/p>\n\n\n\n<hr class=\"wp-block-separator has-alpha-channel-opacity\"\/>\n\n\n\n<p>Libro:  <a href=\"https:\/\/librosdelaaxarquia.com\/?page_id=1595\" data-type=\"page\" data-id=\"1595\"><strong><em>Con vistas al ma<\/em><\/strong>r<\/a><\/p>\n\n\n\n<p>Colecci\u00f3n<strong> <a href=\"https:\/\/librosdelaaxarquia.com\/?page_id=232\" data-type=\"page\" data-id=\"232\">ARGUMENTOS.<\/a><\/strong><\/p>\n\n\n\n<p><strong>ISBN: <\/strong>978-84-126573-5-7<strong>&nbsp;   D.L. MA&nbsp; <\/strong>1725-2024<\/p>\n\n\n\n<p>N\u00famero de p\u00e1ginas: 300<\/p>\n\n\n\n<div style=\"height:18px\" aria-hidden=\"true\" class=\"wp-block-spacer\"><\/div>\n\n\n\n<p>Jes\u00fas Aranda Camu\u00f1as nace en 1957 en M\u00e1laga, donde curs\u00f3 estudios de Magisterio e Ingl\u00e9s. En el curso 1982-83 form\u00f3 parte del Programa de Alfabetizaci\u00f3n de la Junta de Andaluc\u00eda que fue premiado por la UNESCO y, desde 1985, hasta su jubilaci\u00f3n, prest\u00f3 sus servicios como profesor del Centro de Educaci\u00f3n Permanente de Adultos \u201cMar\u00eda Zambrano\u201d de V\u00e9lez-M\u00e1laga. Como director del mismo, recibi\u00f3 el reconocimiento al M\u00e9rito Educativo Provincial (2016) y el Escudo de Oro de la Ciudad de V\u00e9lez-M\u00e1laga (2017).<\/p>\n\n\n\n<p>Gran apasionado de la m\u00fasica, fue el fundador, y primer director, de la Escuela de M\u00fasica Moderna de la Axarqu\u00eda y director del Festival de Jazz, Ritmo y Blues de V\u00e9lez-M\u00e1laga. Con varias grabaciones en su haber, ha participado en multitud de conciertos y festivales, realizado ciclos de cine musical, conferencias, programas de radio y televisi\u00f3n y conciertos did\u00e1cticos de m\u00fasica moderna. Guitarrista, cantante y compositor, en 2017 public\u00f3 su primer libro, \u201cConfesiones de un m\u00fasico enamorado\u201d y ha publicado art\u00edculos de opini\u00f3n y participado en multitud de programas y debates, tanto en prensa como en televisiones locales.<\/p>\n\n\n\n<div style=\"height:20px\" aria-hidden=\"true\" class=\"wp-block-spacer\"><\/div>\n\n\n\n<figure class=\"wp-block-image size-large\"><img loading=\"lazy\" decoding=\"async\" width=\"1024\" height=\"474\" src=\"https:\/\/librosdelaaxarquia.com\/wp-content\/uploads\/2025\/11\/CON-VISTAS-AL-MAR-Cubierta_001-1-1024x474.jpg\" alt=\"\" class=\"wp-image-398\" srcset=\"https:\/\/librosdelaaxarquia.com\/wp-content\/uploads\/2025\/11\/CON-VISTAS-AL-MAR-Cubierta_001-1-1024x474.jpg 1024w, https:\/\/librosdelaaxarquia.com\/wp-content\/uploads\/2025\/11\/CON-VISTAS-AL-MAR-Cubierta_001-1-300x139.jpg 300w, https:\/\/librosdelaaxarquia.com\/wp-content\/uploads\/2025\/11\/CON-VISTAS-AL-MAR-Cubierta_001-1-768x355.jpg 768w, https:\/\/librosdelaaxarquia.com\/wp-content\/uploads\/2025\/11\/CON-VISTAS-AL-MAR-Cubierta_001-1.jpg 1470w\" sizes=\"auto, (max-width: 1024px) 100vw, 1024px\" \/><\/figure>\n\n\n\n<p><\/p>\n\n\n\n<div style=\"height:19px\" aria-hidden=\"true\" class=\"wp-block-spacer\"><\/div>\n\n\n\n<p><\/p>\n\n\n\n<figure class=\"wp-block-image size-large\"><img loading=\"lazy\" decoding=\"async\" width=\"1024\" height=\"494\" src=\"https:\/\/librosdelaaxarquia.com\/wp-content\/uploads\/2025\/11\/Tapa-POEMARIO_001-1-1024x494.jpg\" alt=\"\" class=\"wp-image-399\" srcset=\"https:\/\/librosdelaaxarquia.com\/wp-content\/uploads\/2025\/11\/Tapa-POEMARIO_001-1-1024x494.jpg 1024w, https:\/\/librosdelaaxarquia.com\/wp-content\/uploads\/2025\/11\/Tapa-POEMARIO_001-1-300x145.jpg 300w, https:\/\/librosdelaaxarquia.com\/wp-content\/uploads\/2025\/11\/Tapa-POEMARIO_001-1-768x371.jpg 768w, https:\/\/librosdelaaxarquia.com\/wp-content\/uploads\/2025\/11\/Tapa-POEMARIO_001-1.jpg 1431w\" sizes=\"auto, (max-width: 1024px) 100vw, 1024px\" \/><\/figure>\n\n\n\n<div class=\"wp-block-buttons is-layout-flex wp-block-buttons-is-layout-flex\">\n<div class=\"wp-block-button\"><a class=\"wp-block-button__link wp-element-button\">PRESENTACI\u00d3N DEL LIBRO \u00abPALABRAS HECHAS\u00bb<\/a><\/div>\n<\/div>\n\n\n\n<div class=\"wp-block-buttons is-layout-flex wp-block-buttons-is-layout-flex\">\n<div class=\"wp-block-button\"><a class=\"wp-block-button__link wp-element-button\" href=\"https:\/\/youtu.be\/5HpaI82YgUU\">PRESENTACI\u00d3N DEL LIBRO \u00abCON VISTAS AL MAR\u00bb<\/a><\/div>\n<\/div>\n\n\n\n<p><\/p>\n","protected":false},"excerpt":{"rendered":"<p>Libro: Palabras hechas COLECCI\u00d3N&nbsp;POEMARIOS&nbsp;(N\u00ba 4) ISBN: 978-84-122073-9-2 D. L. MA 1821-2022 N\u00famero de p\u00e1ginas: 154 Libro: Con vistas al mar Colecci\u00f3n ARGUMENTOS. ISBN: 978-84-126573-5-7&nbsp; D.L. MA&nbsp; 1725-2024 N\u00famero de p\u00e1ginas: 300 Jes\u00fas Aranda Camu\u00f1as nace en 1957 en M\u00e1laga, donde curs\u00f3 estudios de Magisterio e Ingl\u00e9s. En el curso 1982-83 form\u00f3 parte del Programa de [&hellip;]<\/p>\n","protected":false},"author":1,"featured_media":0,"parent":0,"menu_order":0,"comment_status":"closed","ping_status":"closed","template":"","meta":{"footnotes":""},"class_list":["post-395","page","type-page","status-publish","hentry"],"_links":{"self":[{"href":"https:\/\/librosdelaaxarquia.com\/index.php?rest_route=\/wp\/v2\/pages\/395","targetHints":{"allow":["GET"]}}],"collection":[{"href":"https:\/\/librosdelaaxarquia.com\/index.php?rest_route=\/wp\/v2\/pages"}],"about":[{"href":"https:\/\/librosdelaaxarquia.com\/index.php?rest_route=\/wp\/v2\/types\/page"}],"author":[{"embeddable":true,"href":"https:\/\/librosdelaaxarquia.com\/index.php?rest_route=\/wp\/v2\/users\/1"}],"replies":[{"embeddable":true,"href":"https:\/\/librosdelaaxarquia.com\/index.php?rest_route=%2Fwp%2Fv2%2Fcomments&post=395"}],"version-history":[{"count":5,"href":"https:\/\/librosdelaaxarquia.com\/index.php?rest_route=\/wp\/v2\/pages\/395\/revisions"}],"predecessor-version":[{"id":2244,"href":"https:\/\/librosdelaaxarquia.com\/index.php?rest_route=\/wp\/v2\/pages\/395\/revisions\/2244"}],"wp:attachment":[{"href":"https:\/\/librosdelaaxarquia.com\/index.php?rest_route=%2Fwp%2Fv2%2Fmedia&parent=395"}],"curies":[{"name":"wp","href":"https:\/\/api.w.org\/{rel}","templated":true}]}}