{"id":464,"date":"2025-11-07T01:08:47","date_gmt":"2025-11-07T00:08:47","guid":{"rendered":"https:\/\/librosdelaaxarquia.com\/?page_id=464"},"modified":"2025-12-02T22:29:06","modified_gmt":"2025-12-02T21:29:06","slug":"pablo-rojo-platero","status":"publish","type":"page","link":"https:\/\/librosdelaaxarquia.com\/?page_id=464","title":{"rendered":"PABLO ROJO PLATERO"},"content":{"rendered":"\n<figure class=\"wp-block-image aligncenter size-large is-resized\"><img loading=\"lazy\" decoding=\"async\" width=\"768\" height=\"1024\" src=\"https:\/\/librosdelaaxarquia.com\/wp-content\/uploads\/2025\/11\/pablo-rojo-768x1024.jpg\" alt=\"\" class=\"wp-image-1884\" style=\"width:477px;height:auto\" srcset=\"https:\/\/librosdelaaxarquia.com\/wp-content\/uploads\/2025\/11\/pablo-rojo-768x1024.jpg 768w, https:\/\/librosdelaaxarquia.com\/wp-content\/uploads\/2025\/11\/pablo-rojo-225x300.jpg 225w, https:\/\/librosdelaaxarquia.com\/wp-content\/uploads\/2025\/11\/pablo-rojo-1152x1536.jpg 1152w, https:\/\/librosdelaaxarquia.com\/wp-content\/uploads\/2025\/11\/pablo-rojo.jpg 1500w\" sizes=\"auto, (max-width: 768px) 100vw, 768px\" \/><\/figure>\n\n\n\n<div style=\"height:38px\" aria-hidden=\"true\" class=\"wp-block-spacer\"><\/div>\n\n\n\n<p>PABLO ROJO PLATERO. (Frigiliana)<\/p>\n\n\n\n<p><strong><a href=\"https:\/\/librosdelaaxarquia.com\/?page_id=1245\" data-type=\"page\" data-id=\"1245\">LAS F\u00c1BRICAS DE LA LUZ<\/a><\/strong>.<\/p>\n\n\n\n<p><strong>ISBN<\/strong>:   978-84-948637-3-8       <strong>D. L<\/strong>.  MA 475-2019<\/p>\n\n\n\n<p>COLECCION <strong><a href=\"https:\/\/librosdelaaxarquia.com\/?page_id=53\" data-type=\"page\" data-id=\"53\">PATRIMONIO<\/a><\/strong><\/p>\n\n\n\n<p><\/p>\n\n\n\n<p><strong>Pablo Rojo Platero<\/strong>, (M\u00e1laga, 1974), es licenciado en derecho por la Universidad de M\u00e1laga, ejerciendo la profesi\u00f3n de abogado en Frigiliana, desde el a\u00f1o 2000.<\/p>\n\n\n\n<p>Ha publicado varios libros, todos en torno a diversos aspectos de la Historia de la Axarqu\u00eda Oriental, entre los que se cuenta <em>100 A\u00f1os de Nerja en Fotos <\/em>(2005), <em>Historia Ins\u00f3lita de Nerja<\/em> (2012), y <em>La Cabalgada de Frigiliana<\/em> (2012). Del mismo modo ha participado en diversos congresos y ponencias relacionados con el tema morisco, entre los que destacan el celebrado en 2018 para conmemorar el 450 aniversario del levantamiento de las Alpujarras, organizado por la Universidad de Granada. Preside actualmente la asociaci\u00f3n cultural \u201cTaha de Frigiliana\u201d.<\/p>\n\n\n\n<p>&nbsp;La familia paterna del autor estuvo vinculada durante dos generaciones a la Compa\u00f1\u00eda El\u00e9ctrica. Su bisabuelo, Luis Rojo Vela, fue operario de la f\u00e1brica de luz&nbsp; <em>N\u00famero Uno<\/em> de C\u00f3mpeta desde 1903, y su abuelo, Mariano Rojo Mart\u00edn, fue maquinista de varias centrales hidroel\u00e9ctricas hasta que fue destinado al pueblo de Frigiliana en 1949.<\/p>\n\n\n\n<p>&nbsp;El presente trabajo es, por tanto, una deuda pendiente del autor con su propio pasado.&nbsp;&nbsp;&nbsp;<\/p>\n\n\n\n<p><\/p>\n\n\n\n<figure class=\"wp-block-image size-large\"><img loading=\"lazy\" decoding=\"async\" width=\"1024\" height=\"485\" src=\"https:\/\/librosdelaaxarquia.com\/wp-content\/uploads\/2025\/11\/LAS-FABRICAS-DE-LA-LUZ-Portada_001-1024x485.jpg\" alt=\"\" class=\"wp-image-465\" srcset=\"https:\/\/librosdelaaxarquia.com\/wp-content\/uploads\/2025\/11\/LAS-FABRICAS-DE-LA-LUZ-Portada_001-1024x485.jpg 1024w, https:\/\/librosdelaaxarquia.com\/wp-content\/uploads\/2025\/11\/LAS-FABRICAS-DE-LA-LUZ-Portada_001-300x142.jpg 300w, https:\/\/librosdelaaxarquia.com\/wp-content\/uploads\/2025\/11\/LAS-FABRICAS-DE-LA-LUZ-Portada_001-768x364.jpg 768w, https:\/\/librosdelaaxarquia.com\/wp-content\/uploads\/2025\/11\/LAS-FABRICAS-DE-LA-LUZ-Portada_001.jpg 1445w\" sizes=\"auto, (max-width: 1024px) 100vw, 1024px\" \/><\/figure>\n\n\n\n<p><\/p>\n\n\n\n<p> La comarca de la Axarqu\u00eda cont\u00f3 desde muy pronto con suministro de electricidad, gracias a un numeroso grupo de peque\u00f1os saltos de agua, situados sobre todo en el curso de los r\u00edos Ch\u00edllar (Nerja) y Patamalara-Torrox (C\u00f3mpeta). Dos familias de la burgues\u00eda de la \u00e9poca, los Martos y los Herrero, ponen en marcha, en torno a 1900, una serie de centrales hidroel\u00e9ctricas que, despu\u00e9s de una dura competencia, se unir\u00e1n para constituir la base de la <em>El\u00e9ctrica de V\u00e9lez-M\u00e1laga<\/em>, m\u00e1s tarde <em>El\u00e9ctrica del Litoral<\/em>.<\/p>\n\n\n\n<p>&nbsp;&nbsp; Del mismo modo, y a partir de los a\u00f1os veinte del siglo pasado, otros puntos de la comarca como Canillas de Albaida, Riogordo, Colmenar o Alcauc\u00edn, contar\u00e1n con peque\u00f1as centrales que suministrar\u00e1n electricidad a los pueblos de su entorno. La <em>El\u00e9ctrica del Litoral<\/em>, empresa filial de <em>Sevillana de Electricidad<\/em>, tuvo su sede durante a\u00f1os en la calle Romero Pozo de V\u00e9lez-M\u00e1laga, y desde all\u00ed dirig\u00eda la producci\u00f3n y distribuci\u00f3n del fluido el\u00e9ctrico m\u00e1s all\u00e1 de los confines de nuestra comarca.<\/p>\n\n\n\n<p>&nbsp;&nbsp;&nbsp; Los trabajos sobre patrimonio industrial de la Axarqu\u00eda han pasado de puntillas sobre estos edificios, casi todos hoy en estado ruinoso, olvidando quiz\u00e1 la importancia que tuvieron para la modernizaci\u00f3n de este territorio, trayendo hasta nosotros la electricidad. En este trabajo se trata, no s\u00f3lo la historia de estas entra\u00f1ables <em>F\u00e1bricas de Luz<\/em>, sino tambi\u00e9n de las personas y familias que estuvieron vinculadas a su explotaci\u00f3n en el origen. Una narraci\u00f3n que incluye historia, relaciones humanas, patrimonio, tecnolog\u00eda y naturaleza.&nbsp; Una historia fascinante que, sin duda, \u00abelectrizar\u00e1\u00bbal lector por lo desconocido y sorprendente de la misma.<\/p>\n\n\n\n<p><\/p>\n","protected":false},"excerpt":{"rendered":"<p>PABLO ROJO PLATERO. (Frigiliana) LAS F\u00c1BRICAS DE LA LUZ. ISBN: 978-84-948637-3-8 D. L. MA 475-2019 COLECCION PATRIMONIO Pablo Rojo Platero, (M\u00e1laga, 1974), es licenciado en derecho por la Universidad de M\u00e1laga, ejerciendo la profesi\u00f3n de abogado en Frigiliana, desde el a\u00f1o 2000. Ha publicado varios libros, todos en torno a diversos aspectos de la Historia [&hellip;]<\/p>\n","protected":false},"author":1,"featured_media":0,"parent":0,"menu_order":0,"comment_status":"closed","ping_status":"closed","template":"","meta":{"footnotes":""},"class_list":["post-464","page","type-page","status-publish","hentry"],"_links":{"self":[{"href":"https:\/\/librosdelaaxarquia.com\/index.php?rest_route=\/wp\/v2\/pages\/464","targetHints":{"allow":["GET"]}}],"collection":[{"href":"https:\/\/librosdelaaxarquia.com\/index.php?rest_route=\/wp\/v2\/pages"}],"about":[{"href":"https:\/\/librosdelaaxarquia.com\/index.php?rest_route=\/wp\/v2\/types\/page"}],"author":[{"embeddable":true,"href":"https:\/\/librosdelaaxarquia.com\/index.php?rest_route=\/wp\/v2\/users\/1"}],"replies":[{"embeddable":true,"href":"https:\/\/librosdelaaxarquia.com\/index.php?rest_route=%2Fwp%2Fv2%2Fcomments&post=464"}],"version-history":[{"count":3,"href":"https:\/\/librosdelaaxarquia.com\/index.php?rest_route=\/wp\/v2\/pages\/464\/revisions"}],"predecessor-version":[{"id":1972,"href":"https:\/\/librosdelaaxarquia.com\/index.php?rest_route=\/wp\/v2\/pages\/464\/revisions\/1972"}],"wp:attachment":[{"href":"https:\/\/librosdelaaxarquia.com\/index.php?rest_route=%2Fwp%2Fv2%2Fmedia&parent=464"}],"curies":[{"name":"wp","href":"https:\/\/api.w.org\/{rel}","templated":true}]}}