{"id":616,"date":"2025-11-08T17:36:04","date_gmt":"2025-11-08T16:36:04","guid":{"rendered":"https:\/\/librosdelaaxarquia.com\/?page_id=616"},"modified":"2025-12-04T22:35:18","modified_gmt":"2025-12-04T21:35:18","slug":"libro-bandoleros-de-la-axarquia","status":"publish","type":"page","link":"https:\/\/librosdelaaxarquia.com\/?page_id=616","title":{"rendered":"BANDOLEROS DE LA AXARQU\u00cdA"},"content":{"rendered":"\n<figure class=\"wp-block-image aligncenter size-large is-resized\"><img loading=\"lazy\" decoding=\"async\" width=\"656\" height=\"1024\" src=\"https:\/\/librosdelaaxarquia.com\/wp-content\/uploads\/2025\/11\/No-04-3-656x1024.jpg\" alt=\"\" class=\"wp-image-617\" style=\"width:364px;height:auto\" srcset=\"https:\/\/librosdelaaxarquia.com\/wp-content\/uploads\/2025\/11\/No-04-3-656x1024.jpg 656w, https:\/\/librosdelaaxarquia.com\/wp-content\/uploads\/2025\/11\/No-04-3-192x300.jpg 192w, https:\/\/librosdelaaxarquia.com\/wp-content\/uploads\/2025\/11\/No-04-3-768x1198.jpg 768w, https:\/\/librosdelaaxarquia.com\/wp-content\/uploads\/2025\/11\/No-04-3-985x1536.jpg 985w, https:\/\/librosdelaaxarquia.com\/wp-content\/uploads\/2025\/11\/No-04-3-1313x2048.jpg 1313w, https:\/\/librosdelaaxarquia.com\/wp-content\/uploads\/2025\/11\/No-04-3.jpg 1536w\" sizes=\"auto, (max-width: 656px) 100vw, 656px\" \/><\/figure>\n\n\n\n<p>AUTOR: <a href=\"https:\/\/librosdelaaxarquia.com\/?page_id=518\" data-type=\"page\" data-id=\"518\">FRANCISCO MONTORO FERN\u00c1NDEZ<\/a><\/p>\n\n\n\n<p>COLECCI\u00d3N <strong><a href=\"https:\/\/librosdelaaxarquia.com\/?page_id=50\" data-type=\"page\" data-id=\"50\">GENERAL<\/a><\/strong>. (N\u00ba 4)<\/p>\n\n\n\n<p><strong>ISBN:<\/strong>  978-84-921623-9-0    <strong>D. L.<\/strong>  MA 57-2011<\/p>\n\n\n\n<p>N\u00famero de p\u00e1ginas: 148<\/p>\n\n\n\n<div style=\"height:1px\" aria-hidden=\"true\" class=\"wp-block-spacer\"><\/div>\n\n\n\n<figure class=\"wp-block-embed is-type-video is-provider-youtube wp-block-embed-youtube wp-embed-aspect-4-3 wp-has-aspect-ratio\"><div class=\"wp-block-embed__wrapper\">\n<iframe loading=\"lazy\" title=\"SPOT BANDOLEROS\" width=\"500\" height=\"375\" src=\"https:\/\/www.youtube.com\/embed\/yrhvYJayYoQ?feature=oembed\" frameborder=\"0\" allow=\"accelerometer; autoplay; clipboard-write; encrypted-media; gyroscope; picture-in-picture; web-share\" referrerpolicy=\"strict-origin-when-cross-origin\" allowfullscreen><\/iframe>\n<\/div><\/figure>\n\n\n\n<div style=\"height:5px\" aria-hidden=\"true\" class=\"wp-block-spacer\"><\/div>\n\n\n\n<p>El mundo de los bandoleros siempre ha resultado muy atractivo, especialmente para quienes se han aproximado a \u00e9l y han tratado de conocerlo de cerca. El bandoleris\u00admo, los bandoleros, su entorno,\u00ad ha desatado pasiones y controversias, y ha estado envuel\u00adto en un halo de misterio y fantas\u00eda. Desde quienes le han exaltado, defendido, protegido, venerado, hasta quienes lo han deformado, vituperado, maltratado y maldecido. Todo a resultas de las pasiones que despierta. Por\u00adque, y ello es una constante en todas las \u00e9pocas y todas las \u00e1reas geo\u00adgr\u00e1ficas, el bandolerismo nunca ha producido indi-ferencia.<\/p>\n\n\n\n<p>En puridad se han llamado bandoleros a los individuos que, formando cuadrillas o \u201cpartidas\u201d, se han dedicado a robar, extorsionar, sobornar, secuestrar&#8230; Un bandolero es un salteador de caminos, un atracador, un criminal, es decir, una persona perversa, generalmente buscado y perseguido por jueces y fuerzas policiales.<\/p>\n\n\n\n<p>Muchas veces se ha empleado la palabra bandolero como sin\u00f3nimo de bandido, y \u00e9ste es un delincuente que,&nbsp; siendo o no bandolero, recibe el nombre del hecho de ser llamado a trav\u00e9s de bandos, edictos y pregones, u otros medios de difusi\u00f3n, y que, gene\u00adralmente, elude su comparecencia ante los jueces para dar cuenta de sus actos.<\/p>\n\n\n\n<p>El bandolerismo fue, y sigue siendo, algo presente en toda \u00e9poca y en todo pa\u00eds. Como fen\u00f3meno no se puedereducir a una determinada etapa hist\u00f3rica ni a unas determi\u00adnadas zonas geogr\u00e1ficas. El pillaje, el hurto y la rebeli\u00f3n, fue siempre un fen\u00f3meno reite\u00adrado, si bien, por lo general, ligado a la opresi\u00f3n y al descontento social.<\/p>\n\n\n\n<p>Ya Viriato fue calificado como \u201ccapit\u00e1n de bandoleros\u201d, y, m\u00e1s tarde, los almog\u00e1\u00advares, habitantes fijos de las fronteras, que habitualmente buscaban el sustento en sus ene\u00admigos, se pueden considerar como bandoleros. Ban\u00addoleros fueron&nbsp; los monf\u00edes, moriscos salteadores, atacantes de los habitantes de las llanu\u00adras&#8230;<\/p>\n\n\n\n<p>Coincidiendo con el nacimiento de la novela picaresca, el bandolero se trans\u00adforma en p\u00edcaro, con la habilidad f\u00edsica y mental que&nbsp; caracteriza a estos personajes&#8230;<\/p>\n\n\n\n<p>Hubo bandoleros m\u00e1s modestos, con metas peque\u00f1as, y otros m\u00e1s ambiciosos que llegaron a desafiar a ciudades enteras, como es el caso de <em>Diego Ord\u00f3\u00f1ez<\/em> que ret\u00f3 a Za\u00admora, y otros como <em>Guinarte, Cadrell <\/em>y <em>el de Mi\u00f1\u00f3n<\/em> que se atrevieron&nbsp; contra Barcelona, L\u00e9rida o Gerona en el siglo XVI.<\/p>\n\n\n\n<p>En la Pen\u00ednsula Ib\u00e9rica el bandolerismo adquiri\u00f3 una especial repercusi\u00f3n social en dos territorios muy delimitados, Catalu\u00f1a y Andaluc\u00eda, y, en ambos casos, en momen\u00adtos de graves crisis eco\u00adn\u00f3micas y gran descon-tento social.<\/p>\n\n\n\n<p>En Catalu\u00f1a el bandolerismo tuvo su origen en las luchas entre nobles feudales que propiciaron la forma-ci\u00f3n de aut\u00e9nticos ej\u00e9r\u00adcitos privados. Fue all\u00ed donde, en el siglo XIV, naci\u00f3 la palabra \u201cban\u00addoler\u201d para designar a los mercenarios de las bandas se\u00f1oriales.<\/p>\n\n\n\n<p>Durante el reinado de Carlos I (1516-1556) se produjo un notable auge del bando\u00adlerismo. Las antiguas bandas fueron co\u00adbrando autonom\u00eda y se convirtieron en cua-drillas de delincuentes que devastaban el pa\u00eds. A comien-zos del siglo XVII, <em>Perot Rocaguinarda<\/em>, el m\u00e1s grande de los jefes bandoleros catalanes, lleg\u00f3 a tener a sus \u00f3rdenes a un millar de hombres.<\/p>\n\n\n\n<div style=\"height:10px\" aria-hidden=\"true\" class=\"wp-block-spacer\"><\/div>\n\n\n\n<figure class=\"wp-block-embed is-type-video is-provider-youtube wp-block-embed-youtube wp-embed-aspect-4-3 wp-has-aspect-ratio\"><div class=\"wp-block-embed__wrapper\">\n<iframe loading=\"lazy\" title=\"Video BANDOLEROS DE LA AXARQU\u00cdA\" width=\"500\" height=\"375\" src=\"https:\/\/www.youtube.com\/embed\/xpZ-akJ1H2U?feature=oembed\" frameborder=\"0\" allow=\"accelerometer; autoplay; clipboard-write; encrypted-media; gyroscope; picture-in-picture; web-share\" referrerpolicy=\"strict-origin-when-cross-origin\" allowfullscreen><\/iframe>\n<\/div><\/figure>\n\n\n\n<div style=\"height:8px\" aria-hidden=\"true\" class=\"wp-block-spacer\"><\/div>\n\n\n\n<p>Por lo que respecta a Andaluc\u00eda el bandolerismo fue especialmente activo entre finales del siglo XVIII y principios del XIX. Los impulsos colonizadores del mo-narca Car\u00adlos III sobre la Sierra Morena ya ten\u00edan el objetivo de obstaculizar el dominio de los ban\u00addoleros sobre ese territorio tradicional y t\u00edpicamente despoblado.<\/p>\n\n\n\n<p>El primero de los grandes bandoleros andaluces fue <em>Diego Corrientes<\/em>, que fuese ejecutado en 1781, y, tras la Guerra de la Independencia (1808-1814) actuaron los <em>Siete Ni\u00f1os de \u00c9cija<\/em> y <em>Jos\u00e9 Mar\u00eda Hinojosa \u201cel Tempranillo\u201d,<\/em> que en 1832 se incorpor\u00f3 al ej\u00e9rcito del rey.<\/p>\n\n\n\n<p>En la segunda mitad del siglo XIX la actuaci\u00f3n de la Guardia Civil, por un lado, y el desarrollo del ferrocarril y el tel\u00e9grafo, por otro, mitigaron los efec\u00adtos del ban\u00addoleris\u00admo en Andaluc\u00eda, claro reflejo del end\u00e9mico retraso de estas tierras. No obstante, en la d\u00e9cada de los ochenta, diversas partidas aterrorizaban el campo andaluz, y, entre ellas, la de <em>Melgares<\/em> y el <em>Bizco del Borge<\/em>, objeto de este libro.<\/p>\n\n\n\n<p>Desde el punto de vista militar, los bandoleros andaluces casi nunca tuvieron es\u00adtrategias prefijadas, ni acaudillaron grandes cuadrillas, pero sus acciones fueron efectivas, con resultados sorprendentes en much\u00edsimos casos. Y por lo que respecta a la extracci\u00f3n social, se puede asegurar que, por lo general, se trataba de cam\u00adpesinos incultos y maltra\u00adtados por la fortuna, que se tiraban al camino persiguiendo riquezas, notoriedad y respeto, elementos de los que carec\u00edan en sus respectivos ambientes vitales.<\/p>\n\n\n\n<p>Con el bandolerismo aparece una forma de luchar y morir que est\u00e1 te\u00f1ida de mar\u00adginalidad y persecuci\u00f3n, y que cultiva una sorprendente \u201calianza-complicidad\u201d con el pue\u00adblo oprimido, que lo oculta y alimenta, sin lo cual su acci\u00f3n estar\u00eda condenada inmediata\u00admente al fracaso.<\/p>\n\n\n\n<p>En muchos casos la literatura rom\u00e1ntica convirti\u00f3 a los bandoleros en h\u00e9roes, en atractivos individuos que ten\u00edan en su horizonte el bien de los otros, en personajes mo\u00advidos por idea\u00adles redentores, en maleantes aparentes que, en el fondo, escond\u00edan nobles motivos para actuar en supuestos desatinos. Y ello ha llevado a que, en la actualidad, se nos confunda frecuentemente la ima\u00adgen del bandolero cruel y violento con la del luchador y activo por las causas de los desfavorecidos. Una sorprendente dualidad, casi siempre fruto de los mitos literarios, que nos pre\u00adsenta una arraigada imagen de bandolero como ser generoso y caritativo, que roba sin piedad a unos para, a veces, ceder generosamente a otros; capaz de mezclar un acto vil con otro de ins\u00f3lito rasgo de nobleza; que roba y mata con sa\u00f1a y, al poco, protege la vida de quien, desvalido, a \u00e9l se conf\u00eda; que vive enfrentado a la ley, y a muchos de sus actos le anima un alto estilo de justicia&#8230;<\/p>\n\n\n\n<div style=\"height:6px\" aria-hidden=\"true\" class=\"wp-block-spacer\"><\/div>\n\n\n\n<p class=\"has-text-align-center\"><strong>ACTO DE PRESENTACI\u00d3N DEL LIBRO<\/strong><\/p>\n\n\n\n<p class=\"has-text-align-center\">(Pe\u00f1a Flamenca de V\u00e9lez-M\u00e1laga)<\/p>\n\n\n\n<figure class=\"wp-block-embed is-type-video is-provider-youtube wp-block-embed-youtube wp-embed-aspect-4-3 wp-has-aspect-ratio\"><div class=\"wp-block-embed__wrapper\">\n<iframe loading=\"lazy\" title=\"BANDOLEROS de la AXARQU\u00cdA\" width=\"500\" height=\"375\" src=\"https:\/\/www.youtube.com\/embed\/9xFLo5PjpPo?feature=oembed\" frameborder=\"0\" allow=\"accelerometer; autoplay; clipboard-write; encrypted-media; gyroscope; picture-in-picture; web-share\" referrerpolicy=\"strict-origin-when-cross-origin\" allowfullscreen><\/iframe>\n<\/div><\/figure>\n\n\n\n<div style=\"height:7px\" aria-hidden=\"true\" class=\"wp-block-spacer\"><\/div>\n\n\n\n<p class=\"has-text-align-center\"><strong>PRESENTACI\u00d3N EN ALGARROBO<\/strong> <\/p>\n\n\n\n<p class=\"has-text-align-center\">(A\u00f1o 2011)<\/p>\n\n\n\n<p><\/p>\n\n\n\n<figure class=\"wp-block-embed is-type-video is-provider-youtube wp-block-embed-youtube wp-embed-aspect-4-3 wp-has-aspect-ratio\"><div class=\"wp-block-embed__wrapper\">\n<iframe loading=\"lazy\" title=\"BANDOLEROS EN ALGARROBO\" width=\"500\" height=\"375\" src=\"https:\/\/www.youtube.com\/embed\/Nfr3mWUeOjM?feature=oembed\" frameborder=\"0\" allow=\"accelerometer; autoplay; clipboard-write; encrypted-media; gyroscope; picture-in-picture; web-share\" referrerpolicy=\"strict-origin-when-cross-origin\" allowfullscreen><\/iframe>\n<\/div><\/figure>\n\n\n\n<div style=\"height:20px\" aria-hidden=\"true\" class=\"wp-block-spacer\"><\/div>\n\n\n\n<figure class=\"wp-block-image size-large\"><img loading=\"lazy\" decoding=\"async\" width=\"1024\" height=\"596\" src=\"https:\/\/librosdelaaxarquia.com\/wp-content\/uploads\/2025\/12\/04-BANDOLEROS-1024x596.jpg\" alt=\"\" class=\"wp-image-2085\" srcset=\"https:\/\/librosdelaaxarquia.com\/wp-content\/uploads\/2025\/12\/04-BANDOLEROS-1024x596.jpg 1024w, https:\/\/librosdelaaxarquia.com\/wp-content\/uploads\/2025\/12\/04-BANDOLEROS-300x175.jpg 300w, https:\/\/librosdelaaxarquia.com\/wp-content\/uploads\/2025\/12\/04-BANDOLEROS-768x447.jpg 768w, https:\/\/librosdelaaxarquia.com\/wp-content\/uploads\/2025\/12\/04-BANDOLEROS-1536x894.jpg 1536w, https:\/\/librosdelaaxarquia.com\/wp-content\/uploads\/2025\/12\/04-BANDOLEROS-2048x1192.jpg 2048w\" sizes=\"auto, (max-width: 1024px) 100vw, 1024px\" \/><\/figure>\n\n\n\n<div style=\"height:16px\" aria-hidden=\"true\" class=\"wp-block-spacer\"><\/div>\n","protected":false},"excerpt":{"rendered":"<p>AUTOR: FRANCISCO MONTORO FERN\u00c1NDEZ COLECCI\u00d3N GENERAL. (N\u00ba 4) ISBN: 978-84-921623-9-0 D. L. MA 57-2011 N\u00famero de p\u00e1ginas: 148 El mundo de los bandoleros siempre ha resultado muy atractivo, especialmente para quienes se han aproximado a \u00e9l y han tratado de conocerlo de cerca. El bandoleris\u00admo, los bandoleros, su entorno,\u00ad ha desatado pasiones y controversias, y [&hellip;]<\/p>\n","protected":false},"author":1,"featured_media":0,"parent":0,"menu_order":0,"comment_status":"closed","ping_status":"closed","template":"","meta":{"footnotes":""},"class_list":["post-616","page","type-page","status-publish","hentry"],"_links":{"self":[{"href":"https:\/\/librosdelaaxarquia.com\/index.php?rest_route=\/wp\/v2\/pages\/616","targetHints":{"allow":["GET"]}}],"collection":[{"href":"https:\/\/librosdelaaxarquia.com\/index.php?rest_route=\/wp\/v2\/pages"}],"about":[{"href":"https:\/\/librosdelaaxarquia.com\/index.php?rest_route=\/wp\/v2\/types\/page"}],"author":[{"embeddable":true,"href":"https:\/\/librosdelaaxarquia.com\/index.php?rest_route=\/wp\/v2\/users\/1"}],"replies":[{"embeddable":true,"href":"https:\/\/librosdelaaxarquia.com\/index.php?rest_route=%2Fwp%2Fv2%2Fcomments&post=616"}],"version-history":[{"count":5,"href":"https:\/\/librosdelaaxarquia.com\/index.php?rest_route=\/wp\/v2\/pages\/616\/revisions"}],"predecessor-version":[{"id":2086,"href":"https:\/\/librosdelaaxarquia.com\/index.php?rest_route=\/wp\/v2\/pages\/616\/revisions\/2086"}],"wp:attachment":[{"href":"https:\/\/librosdelaaxarquia.com\/index.php?rest_route=%2Fwp%2Fv2%2Fmedia&parent=616"}],"curies":[{"name":"wp","href":"https:\/\/api.w.org\/{rel}","templated":true}]}}